{"id":14396,"date":"2025-05-24T09:56:22","date_gmt":"2025-05-24T07:56:22","guid":{"rendered":"https:\/\/electro-tot-menage.es\/?post_type=product&#038;p=14396"},"modified":"2025-05-24T09:56:22","modified_gmt":"2025-05-24T07:56:22","slug":"devialet-gold-phantom-altavoz-inalambrico","status":"publish","type":"product","link":"https:\/\/electro-tot-menage.es\/index.php\/produit\/devialet-gold-phantom-altavoz-inalambrico\/","title":{"rendered":"Devialet Gold Phantom &#8211; Altavoz inal\u00e1mbrico"},"content":{"rendered":"<div class=\"characteristicsStrate__item characteristicsStrate__item--long \">\n<p>Caracter\u00edsticas adicionales: Sensibilidad: 108 dB SPL a 1 m, Distorsi\u00f3n arm\u00f3nica a m\u00e1xima potencia: 0,0005 %, Saturaci\u00f3n: 0, Silbido: 0 dB SPL a 50 cm (-15,5 dB SPL a 3 m), DAC Devialet integrado en el ADHV2 de 24 bits\/192 kHz, THD: -112 dB, Tecnolog\u00edas: ADHV2, SAMV2, HBI, EVO, Bluetooth (perfiles A2DP y AVRCP, c\u00f3decs de audio aptX, AAC y SBC), Spotify Connect, Wi-Fi de doble banda (a\/b\/g\/n 2,4 GHz y 5 GHz), Ethernet RJ-45 10\/100\/1000 Mbps (Gigabit), Homeplug AV2 Powerline, entrada digital \u00f3ptica Toslink.<\/p>\n<p>Potencia de salida (en vatios): 4500 vatios pico<br \/>\nEntrada(s) de audio: 1 \u00f3ptica digital<br \/>\nConexiones: 1 Ethernet RJ-45<br \/>\nComunicaci\u00f3n inal\u00e1mbrica: Bluetooth \u2013 Wi-Fi \u2013 AirPlay<br \/>\nAltura del producto: 255 mm<br \/>\nAncho del producto: 253 mm<br \/>\nLongitud del producto: 343 mm<br \/>\nPeso del producto: 11400 g<br \/>\nColor: Blanco y dorado<\/p>\n<\/div>\n","protected":false},"excerpt":{"rendered":"<p>\u2705 Env\u00edo gratuito: de 5 a 7 d\u00edas<br \/>\n\u2705 Env\u00edo expr\u00e9s (9\u202f\u20ac): de 2 a 3 d\u00edas<br \/>\n\u2705 Pago seguro<br \/>\n\u2705 Devoluci\u00f3n en 30 d\u00edas<\/p>\n<p>Los productos Phantom de Devialet son diferentes a cualquier otro sistema existente. Mucho m\u00e1s que un altavoz conectado, Phantom emite sonido gracias a un proceso absolutamente revolucionario y radicalmente superior. Por primera vez, experimente un sonido ultradenso con impacto f\u00edsico. M\u00fasica de una potencia, claridad y agudeza sin precedentes. 4500 vatios 108 dB<\/p>\n","protected":false},"featured_media":14397,"comment_status":"closed","ping_status":"closed","template":"","meta":[],"product_cat":[131],"product_tag":[],"class_list":["post-14396","product","type-product","status-publish","has-post-thumbnail","hentry","product_cat-cine-en-casa"],"_links":{"self":[{"href":"https:\/\/electro-tot-menage.es\/index.php\/wp-json\/wp\/v2\/product\/14396"}],"collection":[{"href":"https:\/\/electro-tot-menage.es\/index.php\/wp-json\/wp\/v2\/product"}],"about":[{"href":"https:\/\/electro-tot-menage.es\/index.php\/wp-json\/wp\/v2\/types\/product"}],"replies":[{"embeddable":true,"href":"https:\/\/electro-tot-menage.es\/index.php\/wp-json\/wp\/v2\/comments?post=14396"}],"version-history":[{"count":1,"href":"https:\/\/electro-tot-menage.es\/index.php\/wp-json\/wp\/v2\/product\/14396\/revisions"}],"predecessor-version":[{"id":14402,"href":"https:\/\/electro-tot-menage.es\/index.php\/wp-json\/wp\/v2\/product\/14396\/revisions\/14402"}],"wp:featuredmedia":[{"embeddable":true,"href":"https:\/\/electro-tot-menage.es\/index.php\/wp-json\/wp\/v2\/media\/14397"}],"wp:attachment":[{"href":"https:\/\/electro-tot-menage.es\/index.php\/wp-json\/wp\/v2\/media?parent=14396"}],"wp:term":[{"taxonomy":"product_cat","embeddable":true,"href":"https:\/\/electro-tot-menage.es\/index.php\/wp-json\/wp\/v2\/product_cat?post=14396"},{"taxonomy":"product_tag","embeddable":true,"href":"https:\/\/electro-tot-menage.es\/index.php\/wp-json\/wp\/v2\/product_tag?post=14396"}],"curies":[{"name":"wp","href":"https:\/\/api.w.org\/{rel}","templated":true}]}}