{"id":14340,"date":"2025-05-24T09:23:52","date_gmt":"2025-05-24T07:23:52","guid":{"rendered":"https:\/\/electro-tot-menage.es\/?post_type=product&#038;p=14340"},"modified":"2025-05-24T09:24:11","modified_gmt":"2025-05-24T07:24:11","slug":"beats-solo3-auriculares-inalambricos-beats-solo3-magenta-pop-auriculares-supraaurales-inalambricos-solo3-de-beats","status":"publish","type":"product","link":"https:\/\/electro-tot-menage.es\/index.php\/produit\/beats-solo3-auriculares-inalambricos-beats-solo3-magenta-pop-auriculares-supraaurales-inalambricos-solo3-de-beats\/","title":{"rendered":"Beats Solo3 Auriculares inal\u00e1mbricos Beats Solo3 Magenta Pop &#8211; Auriculares supraaurales inal\u00e1mbricos Solo3 de Beats"},"content":{"rendered":"<div id=\"presContent\" class=\"fpBlk testSep extCode\">Aud\u00edfonos inal\u00e1mbricos Beats Solo3 Magenta Pop \u2013 Aud\u00edfonos inal\u00e1mbricos supraaurales Beats Solo 3 \u2013 Colecci\u00f3n Beats Pop \u2013 Magenta Pop *Aspectos destacados: *Inal\u00e1mbricos: aud\u00edfonos (miniauriculares est\u00e9reo de 3,5 mm y 4 polos) *Modo de salida de audio: est\u00e9reo *Controles: volumen, responder\/finalizar, reproducir\/pausar, pista siguiente\/anterior Con hasta 40 horas de duraci\u00f3n de bater\u00eda, los aud\u00edfonos inal\u00e1mbricos Beats Solo3 son el compa\u00f1ero perfecto para tu estilo de vida activo. Con Fast Fuel, cinco minutos de carga son suficientes para tres horas de escucha. Disfrute de la galardonada calidad de sonido Beats con la libertad inal\u00e1mbrica de la tecnolog\u00eda Bluetooth de clase 1. Los auriculares acolchados supraurales son ajustables para brindar comodidad durante todo el d\u00eda. Los auriculares inal\u00e1mbricos con los que has estado so\u00f1ando Siente tu m\u00fasica Sonido ininterrumpido Comodidad personalizada Los auriculares inal\u00e1mbricos con los que has estado so\u00f1ando Los auriculares inal\u00e1mbricos Beats Solo3 siempre est\u00e1n listos para usar. Enci\u00e9ndelo cerca de tu iPhone: se configura en un instante y se conecta simult\u00e1neamente a tu Apple Watch, iPad y Mac. Gracias a la tecnolog\u00eda Bluetooth de clase 1, los auriculares inal\u00e1mbricos Solo3 te siguen a todas partes con una eficacia notable. Siente tu m\u00fasica En el coraz\u00f3n de los auriculares inal\u00e1mbricos Beats Solo3 se encuentra el galardonado sonido Beats. Estos auriculares ofrecen una calidad de sonido superior gracias a una ac\u00fastica optimizada que ofrece claridad, plenitud y equilibrio superiores. Los auriculares acolchados reducen el ruido exterior para garantizar una inmersi\u00f3n perfecta: disfrutar\u00e1s de la m\u00fasica tal y como fue concebida y tal y como debe ser escuchada. Sonido ininterrumpido Gracias a la eficiencia del chip W1 de Apple, los auriculares inal\u00e1mbricos Beats Solo3 ofrecen horas de duraci\u00f3n de bater\u00eda. Y cuando necesitas volver a la normalidad r\u00e1pidamente, una carga Fast Fuel de cinco minutos te proporciona tres horas de tiempo de escucha. Combinados con micr\u00f3fonos con formaci\u00f3n de haz dual, los controles integrados le permiten atender llamadas, reproducir m\u00fasica, ajustar el volumen y activar Siri en cualquier momento. Comodidad personalizada Siguiendo la l\u00ednea de su predecesor, los auriculares inal\u00e1mbricos Beats Solo3 combinan un estilo audaz con un dise\u00f1o elegante. Los auriculares acolchados supraaurales son ajustables para garantizar una verdadera comodidad de escucha durante todo el d\u00eda. Dise\u00f1ado para brindar una comodidad \u00f3ptima y un sonido impecable, el auricular se ajusta naturalmente a la cabeza gracias a sus curvas contorneadas y auriculares pivotantes. \u00bb<\/div>\n<div id=\"desc\" class=\"anchor\"><\/div>\n<div id=\"descContent\" class=\"fpBlk testSep\" data-cs-override-id=\"Descriptif\">\n<p class=\"fpMb\">Auriculares inal\u00e1mbricos Beats Solo3 Magenta Pop \u2013 Auriculares supraaurales inal\u00e1mbricos Beats Solo 3 \u2013 Colecci\u00f3n Beats Pop \u2013 Magenta Pop *Aspectos destacados: *Inal\u00e1mbricos: auriculares (miniconector est\u00e9reo de 3,5 mm y 4 polos) *Modo de salida de audio: est\u00e9reo *Control<\/p>\n<\/div>\n","protected":false},"excerpt":{"rendered":"<p>\u2705 Env\u00edo gratuito: de 5 a 7 d\u00edas<br \/>\n\u2705 Env\u00edo expr\u00e9s (9\u202f\u20ac): de 2 a 3 d\u00edas<br \/>\n\u2705 Pago seguro<br \/>\n\u2705 Devoluci\u00f3n en 30 d\u00edas<\/p>\n<p>Auriculares inal\u00e1mbricos Beats Solo3 Magenta Pop \u2013 Auriculares supraaurales inal\u00e1mbricos Beats Solo 3 \u2013 Colecci\u00f3n Beats Pop \u2013 Magenta Pop *Aspectos destacados: *Inal\u00e1mbricos: auriculares (miniconector est\u00e9reo de 3,5 mm y 4 polos) *Modo de salida de audio: est\u00e9reo *Control<\/p>\n","protected":false},"featured_media":14342,"comment_status":"closed","ping_status":"closed","template":"","meta":[],"product_cat":[131],"product_tag":[],"class_list":["post-14340","product","type-product","status-publish","has-post-thumbnail","hentry","product_cat-cine-en-casa"],"_links":{"self":[{"href":"https:\/\/electro-tot-menage.es\/index.php\/wp-json\/wp\/v2\/product\/14340"}],"collection":[{"href":"https:\/\/electro-tot-menage.es\/index.php\/wp-json\/wp\/v2\/product"}],"about":[{"href":"https:\/\/electro-tot-menage.es\/index.php\/wp-json\/wp\/v2\/types\/product"}],"replies":[{"embeddable":true,"href":"https:\/\/electro-tot-menage.es\/index.php\/wp-json\/wp\/v2\/comments?post=14340"}],"version-history":[{"count":2,"href":"https:\/\/electro-tot-menage.es\/index.php\/wp-json\/wp\/v2\/product\/14340\/revisions"}],"predecessor-version":[{"id":14345,"href":"https:\/\/electro-tot-menage.es\/index.php\/wp-json\/wp\/v2\/product\/14340\/revisions\/14345"}],"wp:featuredmedia":[{"embeddable":true,"href":"https:\/\/electro-tot-menage.es\/index.php\/wp-json\/wp\/v2\/media\/14342"}],"wp:attachment":[{"href":"https:\/\/electro-tot-menage.es\/index.php\/wp-json\/wp\/v2\/media?parent=14340"}],"wp:term":[{"taxonomy":"product_cat","embeddable":true,"href":"https:\/\/electro-tot-menage.es\/index.php\/wp-json\/wp\/v2\/product_cat?post=14340"},{"taxonomy":"product_tag","embeddable":true,"href":"https:\/\/electro-tot-menage.es\/index.php\/wp-json\/wp\/v2\/product_tag?post=14340"}],"curies":[{"name":"wp","href":"https:\/\/api.w.org\/{rel}","templated":true}]}}