{"id":13896,"date":"2025-05-20T14:14:51","date_gmt":"2025-05-20T12:14:51","guid":{"rendered":"https:\/\/electro-tot-menage.es\/?post_type=product&#038;p=13896"},"modified":"2025-05-28T01:22:42","modified_gmt":"2025-05-27T23:22:42","slug":"pantalla-retractil-antao-graphite-3-x-18-m-aluminio-tratado-con-epoxi-lona-de-poliester","status":"publish","type":"product","link":"https:\/\/electro-tot-menage.es\/index.php\/produit\/pantalla-retractil-antao-graphite-3-x-18-m-aluminio-tratado-con-epoxi-lona-de-poliester\/","title":{"rendered":"Pantalla retr\u00e1ctil ANTAO Graphite 3 x 1,8 m &#8211; Aluminio tratado con epoxi, Lona de poli\u00e9ster"},"content":{"rendered":"","protected":false},"excerpt":{"rendered":"<p>\u2705 Env\u00edo gratuito: de 5 a 7 d\u00edas<br \/>\n\u2705 Env\u00edo expr\u00e9s (9\u202f\u20ac): de 2 a 3 d\u00edas<br \/>\n\u2705 Pago seguro<br \/>\n\u2705 Devoluci\u00f3n en 30 d\u00edas<\/p>\n<p>\u00bfQuieres crear un espacio \u00edntimo en tu terraza? La pantalla Hesp\u00e9ride &#8220;ANTAO&#8221; le brindar\u00e1 una satisfacci\u00f3n completa.<\/p>\n<p><strong>Una pantalla pr\u00e1ctica<\/strong><br \/>\nF\u00e1cil de desplegar, la pantalla &#8220;ANTAO&#8221; le permitir\u00e1 resguardarse de la vista en un instante. Es ideal para terrazas con vistas. Gracias a su lona retr\u00e1ctil de tres metros podr\u00e1s delimitar f\u00e1cilmente tu espacio.<\/p>\n<p><strong>Un accesorio moderno<\/strong><br \/>\nEsta mampara de patio es atractiva gracias a su estructura de aluminio moderna y elegante. Una vez retra\u00edda la lona, \u200b\u200besta mampara quedar\u00e1 muy discreta y se podr\u00e1 guardar f\u00e1cilmente gracias a su m\u00e1stil extra\u00edble.<\/p>\n<p><strong>F\u00e1cil mantenimiento<\/strong><br \/>\nEl tejido de la pantalla \u201cANTAO\u201d se puede lavar f\u00e1cilmente con agua jabonosa. La estructura de aluminio tratada con epoxi es resistente al \u00f3xido y a la lluvia. En invierno, guarde la pantalla en un lugar protegido y cubra las fijaciones al suelo con una funda impermeable.<br \/>\nPara proteger la lona, \u200b\u200butilice el limpiador e impermeabilizante para lonas de poli\u00e9ster Hesp\u00e9ride.<\/p>\n","protected":false},"featured_media":13897,"comment_status":"closed","ping_status":"closed","template":"","meta":[],"product_cat":[75,133],"product_tag":[],"class_list":["post-13896","product","type-product","status-publish","has-post-thumbnail","hentry","product_cat-casa-jardin","product_cat-conjunto-de-mesa-y-sillas-de-jardin"],"_links":{"self":[{"href":"https:\/\/electro-tot-menage.es\/index.php\/wp-json\/wp\/v2\/product\/13896"}],"collection":[{"href":"https:\/\/electro-tot-menage.es\/index.php\/wp-json\/wp\/v2\/product"}],"about":[{"href":"https:\/\/electro-tot-menage.es\/index.php\/wp-json\/wp\/v2\/types\/product"}],"replies":[{"embeddable":true,"href":"https:\/\/electro-tot-menage.es\/index.php\/wp-json\/wp\/v2\/comments?post=13896"}],"version-history":[{"count":2,"href":"https:\/\/electro-tot-menage.es\/index.php\/wp-json\/wp\/v2\/product\/13896\/revisions"}],"predecessor-version":[{"id":14474,"href":"https:\/\/electro-tot-menage.es\/index.php\/wp-json\/wp\/v2\/product\/13896\/revisions\/14474"}],"wp:featuredmedia":[{"embeddable":true,"href":"https:\/\/electro-tot-menage.es\/index.php\/wp-json\/wp\/v2\/media\/13897"}],"wp:attachment":[{"href":"https:\/\/electro-tot-menage.es\/index.php\/wp-json\/wp\/v2\/media?parent=13896"}],"wp:term":[{"taxonomy":"product_cat","embeddable":true,"href":"https:\/\/electro-tot-menage.es\/index.php\/wp-json\/wp\/v2\/product_cat?post=13896"},{"taxonomy":"product_tag","embeddable":true,"href":"https:\/\/electro-tot-menage.es\/index.php\/wp-json\/wp\/v2\/product_tag?post=13896"}],"curies":[{"name":"wp","href":"https:\/\/api.w.org\/{rel}","templated":true}]}}