{"id":13837,"date":"2025-05-20T13:47:45","date_gmt":"2025-05-20T11:47:45","guid":{"rendered":"https:\/\/electro-tot-menage.es\/?post_type=product&#038;p=13837"},"modified":"2025-05-28T01:25:28","modified_gmt":"2025-05-27T23:25:28","slug":"naulia-parasol-redondo-de-pizarra-descentrado-33-m-acero-tratado-con-epoxi-poliester-nailon","status":"publish","type":"product","link":"https:\/\/electro-tot-menage.es\/index.php\/produit\/naulia-parasol-redondo-de-pizarra-descentrado-33-m-acero-tratado-con-epoxi-poliester-nailon\/","title":{"rendered":"NAULIA Parasol redondo de pizarra descentrado 3,3 m &#8211; Acero tratado con epoxi, poli\u00e9ster, nailon"},"content":{"rendered":"<p class=\"title_container\" data-highlight=\"caracteristiques_techniques\"><span style=\"color: #1b1919;\">\u00a0<\/span><\/p>\n","protected":false},"excerpt":{"rendered":"<p>\u2705 Env\u00edo gratuito: de 5 a 7 d\u00edas<br \/>\n\u2705 Env\u00edo expr\u00e9s (9\u202f\u20ac): de 2 a 3 d\u00edas<br \/>\n\u2705 Pago seguro<br \/>\n\u2705 Devoluci\u00f3n en 30 d\u00edas<\/p>\n<p>Para dar sombra a un sal\u00f3n de jard\u00edn o a una zona de comedor en verano, la sombrilla redonda descentrada Hesp\u00e9ride &#8220;NAULIA&#8221; es un accesorio de calidad.<\/p>\n<p><strong>Una gran sombrilla<\/strong><br \/>\nGracias a sus grandes dimensiones, la sombrilla redonda &#8220;NAULIA&#8221; es perfecta para resguardarse del sol durante los d\u00edas soleados. Est\u00e1 equipado con una lona gruesa, fijada al final de las costillas para un mejor soporte en condiciones de viento y se abre con un bot\u00f3n. Su chimenea de ventilaci\u00f3n permite una buena circulaci\u00f3n del aire, para un confort \u00f3ptimo.<\/p>\n<p><strong>Un exterior bien equipado<\/strong><br \/>\nPuedes combinar esta sombrilla desplazada con una placa con peso para fijarla de forma segura al suelo. \u00a1Instala una mesa de jard\u00edn y sillas a juego para disfrutar de tus comidas con tranquilidad y a\u00f1ade luces de sombrilla para alegrar tus tardes!<\/p>\n<p><strong>Mobiliario f\u00e1cil de vivir<\/strong><br \/>\nFabricada en acero tratado con epoxi, la estructura de esta sombrilla es resistente al \u00f3xido y la decoloraci\u00f3n, el tejido repelente al agua permite que el agua se deslice sin penetrar en el material. Puedes proteger todo bajo una funda para prolongar su vida \u00fatil.<\/p>\n<p>Elige una losa lastrada y un mobiliario de jard\u00edn Hesp\u00e9ride para armonizar tu terraza.<\/p>\n","protected":false},"featured_media":13838,"comment_status":"closed","ping_status":"closed","template":"","meta":[],"product_cat":[75,133],"product_tag":[],"class_list":["post-13837","product","type-product","status-publish","has-post-thumbnail","hentry","product_cat-casa-jardin","product_cat-conjunto-de-mesa-y-sillas-de-jardin"],"_links":{"self":[{"href":"https:\/\/electro-tot-menage.es\/index.php\/wp-json\/wp\/v2\/product\/13837"}],"collection":[{"href":"https:\/\/electro-tot-menage.es\/index.php\/wp-json\/wp\/v2\/product"}],"about":[{"href":"https:\/\/electro-tot-menage.es\/index.php\/wp-json\/wp\/v2\/types\/product"}],"replies":[{"embeddable":true,"href":"https:\/\/electro-tot-menage.es\/index.php\/wp-json\/wp\/v2\/comments?post=13837"}],"version-history":[{"count":3,"href":"https:\/\/electro-tot-menage.es\/index.php\/wp-json\/wp\/v2\/product\/13837\/revisions"}],"predecessor-version":[{"id":14479,"href":"https:\/\/electro-tot-menage.es\/index.php\/wp-json\/wp\/v2\/product\/13837\/revisions\/14479"}],"wp:featuredmedia":[{"embeddable":true,"href":"https:\/\/electro-tot-menage.es\/index.php\/wp-json\/wp\/v2\/media\/13838"}],"wp:attachment":[{"href":"https:\/\/electro-tot-menage.es\/index.php\/wp-json\/wp\/v2\/media?parent=13837"}],"wp:term":[{"taxonomy":"product_cat","embeddable":true,"href":"https:\/\/electro-tot-menage.es\/index.php\/wp-json\/wp\/v2\/product_cat?post=13837"},{"taxonomy":"product_tag","embeddable":true,"href":"https:\/\/electro-tot-menage.es\/index.php\/wp-json\/wp\/v2\/product_tag?post=13837"}],"curies":[{"name":"wp","href":"https:\/\/api.w.org\/{rel}","templated":true}]}}