{"id":13787,"date":"2025-05-18T15:36:31","date_gmt":"2025-05-18T13:36:31","guid":{"rendered":"https:\/\/electro-tot-menage.es\/?post_type=product&#038;p=13787"},"modified":"2025-05-28T01:27:17","modified_gmt":"2025-05-27T23:27:17","slug":"norrmanso-vassholmen","status":"publish","type":"product","link":"https:\/\/electro-tot-menage.es\/index.php\/produit\/norrmanso-vassholmen\/","title":{"rendered":"Novedad  NORRMANS\u00d6 \/ VASSHOLMEN"},"content":{"rendered":"<p>Una mesa de comedor de madera grande y resistente con unas c\u00f3modas sillas a juego. Los muebles de exterior NORRMANS\u00d6 tienen un inconfundible estilo r\u00fastico y se han dise\u00f1ado para disfrutar de la comida en buena compa\u00f1\u00eda y al aire libre.<\/p>\n","protected":false},"excerpt":{"rendered":"<p>\u2705 Env\u00edo gratuito: de 5 a 7 d\u00edas<br \/>\n\u2705 Env\u00edo expr\u00e9s (9\u202f\u20ac): de 2 a 3 d\u00edas<br \/>\n\u2705 Pago seguro<br \/>\n\u2705 Devoluci\u00f3n en 30 d\u00edas<\/p>\n<p>Mesa con 6 sillas de exterior, acacia\/negro blanco, 220&#215;100 cm<\/p>\n","protected":false},"featured_media":13788,"comment_status":"closed","ping_status":"closed","template":"","meta":[],"product_cat":[75,133],"product_tag":[],"class_list":["post-13787","product","type-product","status-publish","has-post-thumbnail","hentry","product_cat-casa-jardin","product_cat-conjunto-de-mesa-y-sillas-de-jardin"],"_links":{"self":[{"href":"https:\/\/electro-tot-menage.es\/index.php\/wp-json\/wp\/v2\/product\/13787"}],"collection":[{"href":"https:\/\/electro-tot-menage.es\/index.php\/wp-json\/wp\/v2\/product"}],"about":[{"href":"https:\/\/electro-tot-menage.es\/index.php\/wp-json\/wp\/v2\/types\/product"}],"replies":[{"embeddable":true,"href":"https:\/\/electro-tot-menage.es\/index.php\/wp-json\/wp\/v2\/comments?post=13787"}],"version-history":[{"count":3,"href":"https:\/\/electro-tot-menage.es\/index.php\/wp-json\/wp\/v2\/product\/13787\/revisions"}],"predecessor-version":[{"id":14482,"href":"https:\/\/electro-tot-menage.es\/index.php\/wp-json\/wp\/v2\/product\/13787\/revisions\/14482"}],"wp:featuredmedia":[{"embeddable":true,"href":"https:\/\/electro-tot-menage.es\/index.php\/wp-json\/wp\/v2\/media\/13788"}],"wp:attachment":[{"href":"https:\/\/electro-tot-menage.es\/index.php\/wp-json\/wp\/v2\/media?parent=13787"}],"wp:term":[{"taxonomy":"product_cat","embeddable":true,"href":"https:\/\/electro-tot-menage.es\/index.php\/wp-json\/wp\/v2\/product_cat?post=13787"},{"taxonomy":"product_tag","embeddable":true,"href":"https:\/\/electro-tot-menage.es\/index.php\/wp-json\/wp\/v2\/product_tag?post=13787"}],"curies":[{"name":"wp","href":"https:\/\/api.w.org\/{rel}","templated":true}]}}