{"id":12911,"date":"2023-12-02T11:18:18","date_gmt":"2023-12-02T10:18:18","guid":{"rendered":"https:\/\/electro-tot-menage.es\/?post_type=product&#038;p=12911"},"modified":"2025-05-28T03:33:14","modified_gmt":"2025-05-28T01:33:14","slug":"patinete-electrico-profesional-joyor-para-adultos-serie-s-bateria-48-v-13-ah-60-v-18-ah-48-v-26-ah-motor-600-w-600-w2-1000-w2-autonomia-50-km-neumaticos-todoterreno-doble-suspension","status":"publish","type":"product","link":"https:\/\/electro-tot-menage.es\/index.php\/produit\/patinete-electrico-profesional-joyor-para-adultos-serie-s-bateria-48-v-13-ah-60-v-18-ah-48-v-26-ah-motor-600-w-600-w2-1000-w2-autonomia-50-km-neumaticos-todoterreno-doble-suspension\/","title":{"rendered":"Patinete el\u00e9ctrico profesional JOYOR para adultos, Serie S, Bater\u00eda, 48 V 13 Ah\/60 V 18 Ah, 48 V 26 Ah, Motor 600 W\/600 W*2\/1000 W*2, Autonom\u00eda 50 km, Neum\u00e1ticos todoterreno, Doble suspensi\u00f3n"},"content":{"rendered":"<p>\u3010Dos motores de 2 x 1000 W\u3011: El scooter el\u00e9ctrico S10S est\u00e1 equipado con 2 potentes motores sin escobillas de 1000 W, que le brindan una aceleraci\u00f3n mucho m\u00e1s r\u00e1pida. Equipado con una bater\u00eda de litio de 60V 18Ah, tiene una autonom\u00eda de 60-85km y se puede cargar completamente en 10-12 horas. La capacidad de carga m\u00e1xima es de 150 kg.<br \/>\n\u3010Excelente rendimiento\u3011: El scooter el\u00e9ctrico S10S est\u00e1 equipado con un sistema de freno de disco hidr\u00e1ulico, que permite un frenado r\u00e1pido y aumenta la seguridad de conducci\u00f3n. Adem\u00e1s, el pedal del scooter est\u00e1 dise\u00f1ado para ser antideslizante para garantizar la seguridad del scooter cuando se conduce a alta velocidad o fuera de carretera.<br \/>\n\u3010Plegable y port\u00e1til\u3011: Este scooter el\u00e9ctrico es f\u00e1cil de plegar y transportar. El tama\u00f1o de este patinete el\u00e9ctrico para adultos despu\u00e9s del plegado es de 112 x 61 x 53 cm y el peso es de 27 kg. Podr\u00e1s llevarlo contigo en el transporte p\u00fablico o guardarlo en tu coche. El S10S es un medio de transporte ideal para ir a la escuela, al trabajo o para un viaje corto.<br \/>\n\u3010Scooter el\u00e9ctrico inteligente\u3011: El scooter tiene una pantalla LCD inteligente entre el manillar, que muestra la velocidad instant\u00e1nea, el modo de velocidad actual, la duraci\u00f3n de la bater\u00eda, la iluminaci\u00f3n, etc. Equipado con faros y luces traseras LED, as\u00ed como indicadores de giro a la izquierda y a la derecha, puede conducir de d\u00eda y de noche. La luz de freno trasera se enciende autom\u00e1ticamente al frenar para permitir una conducci\u00f3n inteligente y segura.<br \/>\n\u3010Servicio al Cliente\u3011Tenemos nuestro propio almac\u00e9n y un equipo de servicio al cliente profesional en la UE para resolver sus problemas. Ofrecemos una garant\u00eda de un a\u00f1o y servicio de devoluci\u00f3n y cambio gratuito. Para obtener m\u00e1s informaci\u00f3n, p\u00f3ngase en contacto con nuestro servicio de atenci\u00f3n al cliente.<\/p>\n<p>Descripci\u00f3n t\u00e9cnica<br \/>\nGrupo de edad: Adultos<br \/>\ndisco de freno<br \/>\nColor: Negro<br \/>\nTama\u00f1o: 1215 x 610 x 1230 mm<br \/>\nEstilo \u200eS10S<br \/>\nTipo de material: aluminio<br \/>\nCaracter\u00edsticas: Luces<br \/>\nSuspensi\u00f3n \u200eSuspensi\u00f3n total<br \/>\n\u00bfBaterias incluidas? S\u00ed<br \/>\nMarca JOYOR<br \/>\nCapacidad m\u00e1xima de peso: 150 kilogramos<br \/>\nFabricante \u200eJINHUA JOYOR VEHICLE CO.,LTD<br \/>\nDimensiones del producto (largo x ancho x alto): 121,5 x 61 x 123 cm<br \/>\nASIN \u200eB0BP1VMF1W<\/p>\n","protected":false},"excerpt":{"rendered":"<p>\u2705 Env\u00edo gratuito: de 5 a 7 d\u00edas<br \/>\n\u2705 Env\u00edo expr\u00e9s (9\u202f\u20ac): de 2 a 3 d\u00edas<br \/>\n\u2705 Pago seguro<br \/>\n\u2705 Devoluci\u00f3n en 30 d\u00edas<\/p>\n<p>Marca: JOYOR<br \/>\nColor: Negro<br \/>\nGrupo de edad (descripci\u00f3n): Adulto<br \/>\nCaracter\u00edstica especial: Luces<br \/>\nL\u00edmite de peso: 150 kilogramos<br \/>\nDimensiones del producto: 121,5 cm de largo x 61 cm de ancho x 123 cm de alto<br \/>\nN\u00famero de ruedas: 2<br \/>\nMaterial de la rueda: aluminio<br \/>\nTipo de manillar: Fijo<br \/>\nTipo de suspensi\u00f3n: suspensi\u00f3n completa<\/p>\n","protected":false},"featured_media":13037,"comment_status":"closed","ping_status":"closed","template":"","meta":[],"product_cat":[92,132],"product_tag":[],"class_list":["post-12911","product","type-product","status-publish","has-post-thumbnail","hentry","product_cat-deportes-y-ocio","product_cat-patinete-electrico"],"_links":{"self":[{"href":"https:\/\/electro-tot-menage.es\/index.php\/wp-json\/wp\/v2\/product\/12911"}],"collection":[{"href":"https:\/\/electro-tot-menage.es\/index.php\/wp-json\/wp\/v2\/product"}],"about":[{"href":"https:\/\/electro-tot-menage.es\/index.php\/wp-json\/wp\/v2\/types\/product"}],"replies":[{"embeddable":true,"href":"https:\/\/electro-tot-menage.es\/index.php\/wp-json\/wp\/v2\/comments?post=12911"}],"version-history":[{"count":5,"href":"https:\/\/electro-tot-menage.es\/index.php\/wp-json\/wp\/v2\/product\/12911\/revisions"}],"predecessor-version":[{"id":14554,"href":"https:\/\/electro-tot-menage.es\/index.php\/wp-json\/wp\/v2\/product\/12911\/revisions\/14554"}],"wp:featuredmedia":[{"embeddable":true,"href":"https:\/\/electro-tot-menage.es\/index.php\/wp-json\/wp\/v2\/media\/13037"}],"wp:attachment":[{"href":"https:\/\/electro-tot-menage.es\/index.php\/wp-json\/wp\/v2\/media?parent=12911"}],"wp:term":[{"taxonomy":"product_cat","embeddable":true,"href":"https:\/\/electro-tot-menage.es\/index.php\/wp-json\/wp\/v2\/product_cat?post=12911"},{"taxonomy":"product_tag","embeddable":true,"href":"https:\/\/electro-tot-menage.es\/index.php\/wp-json\/wp\/v2\/product_tag?post=12911"}],"curies":[{"name":"wp","href":"https:\/\/api.w.org\/{rel}","templated":true}]}}