{"id":12909,"date":"2023-12-02T11:18:18","date_gmt":"2023-12-02T10:18:18","guid":{"rendered":"https:\/\/electro-tot-menage.es\/?post_type=product&#038;p=12909"},"modified":"2025-05-28T03:32:19","modified_gmt":"2025-05-28T01:32:19","slug":"scrambler-ducati-city-cross-e-x-off-road-edition-scrambler-trottinette-electrique-app-moteur-350-w-autonomie-45-km-max-120-kg-pneus-10-tubeless-noir-jaune-mn-duc-sccty2-taille-unique","status":"publish","type":"product","link":"https:\/\/electro-tot-menage.es\/index.php\/produit\/scrambler-ducati-city-cross-e-x-off-road-edition-scrambler-trottinette-electrique-app-moteur-350-w-autonomie-45-km-max-120-kg-pneus-10-tubeless-noir-jaune-mn-duc-sccty2-taille-unique\/","title":{"rendered":"Scrambler Ducati City Cross-e X Off-Road Edition Scrambler Scooter el\u00e9ctrico, App, motor de 350 W, autonom\u00eda de 45 km, peso m\u00e1ximo 120 kg, neum\u00e1ticos tubeless de 10&#8243;, negro amarillo MN-DUC-SCCTY2 talla \u00fanica"},"content":{"rendered":"<p class=\"\" data-start=\"70\" data-end=\"93\"><strong data-start=\"70\" data-end=\"93\">Sobre este art\u00edculo<\/strong><\/p>\n<p class=\"\" data-start=\"95\" data-end=\"429\">Equipado con un motor sin escobillas de 350 W<br data-start=\"140\" data-end=\"143\" \/>Las ruedas tipo panal son tubeless y c\u00f3modas, sin riesgo de pinchazos<br data-start=\"212\" data-end=\"215\" \/>Tecnolog\u00eda extremadamente silenciosa con mantenimiento m\u00ednimo<br data-start=\"276\" data-end=\"279\" \/>Absorbe vibraciones y suaviza las irregularidades del camino<br data-start=\"339\" data-end=\"342\" \/>Equipado con frenos delanteros y traseros, as\u00ed como luces LED debajo de la plataforma<\/p>\n<p class=\"\" data-start=\"431\" data-end=\"454\"><strong data-start=\"431\" data-end=\"454\">Descripci\u00f3n t\u00e9cnica<\/strong><\/p>\n<p class=\"\" data-start=\"456\" data-end=\"1154\">Grupo de edad: Adultos<br data-start=\"478\" data-end=\"481\" \/>Tipo de frenos: Freno delantero, freno trasero<br data-start=\"527\" data-end=\"530\" \/>Color: Amarillo<br data-start=\"545\" data-end=\"548\" \/>Tama\u00f1o: Talla \u00fanica<br data-start=\"567\" data-end=\"570\" \/>Estilo: Todoterreno<br data-start=\"589\" data-end=\"592\" \/>Material del cuadro: Aluminio<br data-start=\"621\" data-end=\"624\" \/>Tipo de material: Aluminio<br data-start=\"650\" data-end=\"653\" \/>N\u00famero de elementos: 1<br data-start=\"675\" data-end=\"678\" \/>Caracter\u00edsticas: Unisex<br data-start=\"701\" data-end=\"704\" \/>Tama\u00f1o de rueda: 10 pulgadas<br data-start=\"732\" data-end=\"735\" \/>Componentes incluidos: 1 x motor el\u00e9ctrico sin escobillas Scrambler Ducati City Cross-E X Off-Road Edition 350 W, amarillo<br data-start=\"857\" data-end=\"860\" \/>\u00bfBater\u00edas incluidas?: S\u00ed<br data-start=\"884\" data-end=\"887\" \/>Marca: Scrambler Ducati<br data-start=\"910\" data-end=\"913\" \/>Capacidad m\u00e1xima de peso: 120 kilogramos<br data-start=\"953\" data-end=\"956\" \/>Servicio: Mixto<br data-start=\"971\" data-end=\"974\" \/>Fabricante: Ducati Motor Holding S.p.A<br data-start=\"1012\" data-end=\"1015\" \/>N\u00famero de modelo del art\u00edculo: DU-MO-210003<br data-start=\"1058\" data-end=\"1061\" \/>Dimensiones del producto (L x An x Al): 180 x 52 x 210 cm; 19 kilogramos<br data-start=\"1133\" data-end=\"1136\" \/>ASIN: B08XKD9QGC<\/p>\n","protected":false},"excerpt":{"rendered":"<p>\u2705 Env\u00edo gratuito: de 5 a 7 d\u00edas<br \/>\n\u2705 Env\u00edo expr\u00e9s (9\u202f\u20ac): de 2 a 3 d\u00edas<br \/>\n\u2705 Pago seguro<br \/>\n\u2705 Devoluci\u00f3n en 30 d\u00edas<\/p>\n","protected":false},"featured_media":13028,"comment_status":"closed","ping_status":"closed","template":"","meta":[],"product_cat":[92,132],"product_tag":[],"class_list":["post-12909","product","type-product","status-publish","has-post-thumbnail","hentry","product_cat-deportes-y-ocio","product_cat-patinete-electrico"],"_links":{"self":[{"href":"https:\/\/electro-tot-menage.es\/index.php\/wp-json\/wp\/v2\/product\/12909"}],"collection":[{"href":"https:\/\/electro-tot-menage.es\/index.php\/wp-json\/wp\/v2\/product"}],"about":[{"href":"https:\/\/electro-tot-menage.es\/index.php\/wp-json\/wp\/v2\/types\/product"}],"replies":[{"embeddable":true,"href":"https:\/\/electro-tot-menage.es\/index.php\/wp-json\/wp\/v2\/comments?post=12909"}],"version-history":[{"count":5,"href":"https:\/\/electro-tot-menage.es\/index.php\/wp-json\/wp\/v2\/product\/12909\/revisions"}],"predecessor-version":[{"id":14552,"href":"https:\/\/electro-tot-menage.es\/index.php\/wp-json\/wp\/v2\/product\/12909\/revisions\/14552"}],"wp:featuredmedia":[{"embeddable":true,"href":"https:\/\/electro-tot-menage.es\/index.php\/wp-json\/wp\/v2\/media\/13028"}],"wp:attachment":[{"href":"https:\/\/electro-tot-menage.es\/index.php\/wp-json\/wp\/v2\/media?parent=12909"}],"wp:term":[{"taxonomy":"product_cat","embeddable":true,"href":"https:\/\/electro-tot-menage.es\/index.php\/wp-json\/wp\/v2\/product_cat?post=12909"},{"taxonomy":"product_tag","embeddable":true,"href":"https:\/\/electro-tot-menage.es\/index.php\/wp-json\/wp\/v2\/product_tag?post=12909"}],"curies":[{"name":"wp","href":"https:\/\/api.w.org\/{rel}","templated":true}]}}