{"id":12908,"date":"2023-12-02T11:18:18","date_gmt":"2023-12-02T10:18:18","guid":{"rendered":"https:\/\/electro-tot-menage.es\/?post_type=product&#038;p=12908"},"modified":"2025-05-28T03:32:03","modified_gmt":"2025-05-28T01:32:03","slug":"gemini-9-pro-el-suv-entre-los-patinetes-electricos-500-w-autonomia-de-70-km-ruedas-de-10-pulgadas-frenos-de-disco-dobles","status":"publish","type":"product","link":"https:\/\/electro-tot-menage.es\/index.php\/produit\/gemini-9-pro-el-suv-entre-los-patinetes-electricos-500-w-autonomia-de-70-km-ruedas-de-10-pulgadas-frenos-de-disco-dobles\/","title":{"rendered":"Gemini 9 Pro \u2013 El SUV entre los patinetes el\u00e9ctricos: 500 W, autonom\u00eda de 70 km, ruedas de 10 pulgadas, frenos de disco dobles"},"content":{"rendered":"<p>Acerca de este art\u00edculo<\/p>\n<p>Autonom\u00eda: El Gemini 9 est\u00e1 equipado con una bater\u00eda con una capacidad de 16 Ah. Con una carga completa podr\u00e1s recorrer 70 km. (dependiendo del estilo de conducci\u00f3n, peso del ciclista, condiciones de la superficie y \u00e1ngulo de inclinaci\u00f3n) Recargable en 7 horas.<br \/>\nPotencia: Motor de buje trasero con potencia de 500 W, ampliable hasta 900 W, para que las pendientes ya no sean un problema. La velocidad est\u00e1 limitada a 25 km\/h seg\u00fan la legislaci\u00f3n francesa.<br \/>\nSeguridad\/Comodidad: Con sus neum\u00e1ticos de 10 pulgadas, el Gemini 9 no teme a los baches del camino. Controla tu scooter completamente con el freno de disco doble (delantero\/trasero). Vea y sea visto con luces delanteras y traseras y franjas reflectantes en la parte delantera. Sin miedo al agua, resistencia al agua IP54 garantizada.<\/p>\n<p>Descripci\u00f3n t\u00e9cnica<\/p>\n<p>Grupo de edad: Adultos<br \/>\nTipo de freno: freno delantero, freno trasero, freno de disco<br \/>\nColor: Negro<br \/>\nTalla \u200eAdulto<br \/>\nMaterial del marco: aluminio<br \/>\nTipo de material: aluminio<br \/>\nCaracter\u00edsticas: Bater\u00eda reemplazable, pantalla digital, sistema de frenado doble, neum\u00e1tico a prueba de pinchazos, control de crucero<br \/>\nTama\u00f1o de la rueda: 10 pulgadas<br \/>\nComponentes incluidos: 1 cargador, 1 kit de herramientas, 1 patinete Gemini 9 PRO, 1 manual de usuario<br \/>\nMarca \u200eGen\u00e9rico<br \/>\nCapacidad m\u00e1xima de peso: 130 kilogramos<br \/>\nServicio mixto<br \/>\nFabricante: Gemini EV<br \/>\nN\u00famero de modelo del art\u00edculo \u200e9 PRO<br \/>\nDimensiones del producto (largo x ancho x alto) \u200e110 x 55 x 123 cm; 25 kilogramos<br \/>\nASIN \u200eB0CKNC7QLY<br \/>\nDisponibilidad de repuestos \u200e2 a\u00f1os<\/p>\n","protected":false},"excerpt":{"rendered":"<p>\u2705 Env\u00edo gratuito: de 5 a 7 d\u00edas<br \/>\n\u2705 Env\u00edo expr\u00e9s (9\u202f\u20ac): de 2 a 3 d\u00edas<br \/>\n\u2705 Pago seguro<br \/>\n\u2705 Devoluci\u00f3n en 30 d\u00edas<\/p>\n<p>Marca gen\u00e9rica<br \/>\nColor negro<br \/>\nRango de edad (descripci\u00f3n) Adulto<br \/>\nCaracter\u00edsticas especiales: Bater\u00eda reemplazable, pantalla digital, sistema de doble frenado, llanta desinflada, control de crucero. Bater\u00eda reemplazable, pantalla digital, sistema de doble frenado, llanta desinflada, control de crucero.<br \/>\nL\u00edmite de peso 130 kilogramos<br \/>\nDimensiones del producto 110L x 55W x 123H cent\u00edmetros<br \/>\nN\u00famero de ruedas 2<br \/>\nNombre del modelo Gemini 9 Pro<br \/>\nMaterial de la rueda Aluminio<br \/>\nMaterial del marco Aluminio<\/p>\n","protected":false},"featured_media":13021,"comment_status":"closed","ping_status":"closed","template":"","meta":[],"product_cat":[92,132],"product_tag":[],"class_list":["post-12908","product","type-product","status-publish","has-post-thumbnail","hentry","product_cat-deportes-y-ocio","product_cat-patinete-electrico"],"_links":{"self":[{"href":"https:\/\/electro-tot-menage.es\/index.php\/wp-json\/wp\/v2\/product\/12908"}],"collection":[{"href":"https:\/\/electro-tot-menage.es\/index.php\/wp-json\/wp\/v2\/product"}],"about":[{"href":"https:\/\/electro-tot-menage.es\/index.php\/wp-json\/wp\/v2\/types\/product"}],"replies":[{"embeddable":true,"href":"https:\/\/electro-tot-menage.es\/index.php\/wp-json\/wp\/v2\/comments?post=12908"}],"version-history":[{"count":5,"href":"https:\/\/electro-tot-menage.es\/index.php\/wp-json\/wp\/v2\/product\/12908\/revisions"}],"predecessor-version":[{"id":14551,"href":"https:\/\/electro-tot-menage.es\/index.php\/wp-json\/wp\/v2\/product\/12908\/revisions\/14551"}],"wp:featuredmedia":[{"embeddable":true,"href":"https:\/\/electro-tot-menage.es\/index.php\/wp-json\/wp\/v2\/media\/13021"}],"wp:attachment":[{"href":"https:\/\/electro-tot-menage.es\/index.php\/wp-json\/wp\/v2\/media?parent=12908"}],"wp:term":[{"taxonomy":"product_cat","embeddable":true,"href":"https:\/\/electro-tot-menage.es\/index.php\/wp-json\/wp\/v2\/product_cat?post=12908"},{"taxonomy":"product_tag","embeddable":true,"href":"https:\/\/electro-tot-menage.es\/index.php\/wp-json\/wp\/v2\/product_tag?post=12908"}],"curies":[{"name":"wp","href":"https:\/\/api.w.org\/{rel}","templated":true}]}}