{"id":12721,"date":"2023-12-02T11:16:32","date_gmt":"2023-12-02T10:16:32","guid":{"rendered":"https:\/\/electro-tot-menage.es\/?post_type=product&#038;p=12721"},"modified":"2025-04-18T19:22:53","modified_gmt":"2025-04-18T17:22:53","slug":"cafetera","status":"publish","type":"product","link":"https:\/\/electro-tot-menage.es\/index.php\/produit\/cafetera\/","title":{"rendered":"Cafetera Nespresso Krups Inissia White XN100110"},"content":{"rendered":"<p>Marca: Nespresso<br \/>\nColor: blanco<br \/>\nDimensiones del producto: 32,1 cm de profundidad x 12 cm de ancho x 23 cm de alto.<br \/>\nCaracter\u00edsticas especiales: 2 longitudes de caf\u00e9 ajustables, modelo compacto, precalentamiento r\u00e1pido, apagado autom\u00e1tico.<br \/>\nTipo de m\u00e1quina de caf\u00e9: M\u00e1quina de caf\u00e9 expreso<br \/>\nTipo de filtro: Reutilizable<br \/>\nEstilo: Moderno<br \/>\nUsos espec\u00edficos del producto Cap\u00f3, temporizador, programable, t\u00e9rmico<br \/>\nUsos recomendados para el producto de viaje<br \/>\nLos componentes inclu\u00edan instrucciones para la bandeja de agua de la cafetera.<br \/>\nMaterial: metal<br \/>\nPeso del art\u00edculo:<br \/>\nPotencia: 1260 vatios<br \/>\nVoltaje: 230<\/p>\n<p>Acerca de este art\u00edculo<\/p>\n<p>Una m\u00e1quina de caf\u00e9 con un dise\u00f1o sencillo y sofisticado.<br \/>\n2 tama\u00f1os de taza: Espresso y Lungo<br \/>\nSe ofrece un surtido de 14 c\u00e1psulas.<br \/>\nPrecalentamiento r\u00e1pido en 25 segundos<br \/>\nApagado autom\u00e1tico despu\u00e9s de 9 minutos de inactividad<br \/>\nGarant\u00eda de reparaci\u00f3n de 15 a\u00f1os al precio justo gracias a nuestra red de 6.200 centros de reparaci\u00f3n en todo el mundo para contribuir a la protecci\u00f3n del medio ambiente y la reducci\u00f3n de residuos.<\/p>\n","protected":false},"excerpt":{"rendered":"<p>Marca: Nespresso Color: blanco Dimensiones del producto: 32,1 cm de profundidad x 12 cm de ancho x 23 cm de<\/p>\n","protected":false},"featured_media":12940,"comment_status":"closed","ping_status":"closed","template":"","meta":[],"product_cat":[128],"product_tag":[],"class_list":["post-12721","product","type-product","status-publish","has-post-thumbnail","hentry","product_cat-maquina-de-cafe"],"_links":{"self":[{"href":"https:\/\/electro-tot-menage.es\/index.php\/wp-json\/wp\/v2\/product\/12721"}],"collection":[{"href":"https:\/\/electro-tot-menage.es\/index.php\/wp-json\/wp\/v2\/product"}],"about":[{"href":"https:\/\/electro-tot-menage.es\/index.php\/wp-json\/wp\/v2\/types\/product"}],"replies":[{"embeddable":true,"href":"https:\/\/electro-tot-menage.es\/index.php\/wp-json\/wp\/v2\/comments?post=12721"}],"version-history":[{"count":4,"href":"https:\/\/electro-tot-menage.es\/index.php\/wp-json\/wp\/v2\/product\/12721\/revisions"}],"predecessor-version":[{"id":13442,"href":"https:\/\/electro-tot-menage.es\/index.php\/wp-json\/wp\/v2\/product\/12721\/revisions\/13442"}],"wp:featuredmedia":[{"embeddable":true,"href":"https:\/\/electro-tot-menage.es\/index.php\/wp-json\/wp\/v2\/media\/12940"}],"wp:attachment":[{"href":"https:\/\/electro-tot-menage.es\/index.php\/wp-json\/wp\/v2\/media?parent=12721"}],"wp:term":[{"taxonomy":"product_cat","embeddable":true,"href":"https:\/\/electro-tot-menage.es\/index.php\/wp-json\/wp\/v2\/product_cat?post=12721"},{"taxonomy":"product_tag","embeddable":true,"href":"https:\/\/electro-tot-menage.es\/index.php\/wp-json\/wp\/v2\/product_tag?post=12721"}],"curies":[{"name":"wp","href":"https:\/\/api.w.org\/{rel}","templated":true}]}}