{"id":12635,"date":"2023-12-02T11:15:43","date_gmt":"2023-12-02T10:15:43","guid":{"rendered":"https:\/\/electro-tot-menage.es\/?post_type=product&#038;p=12635"},"modified":"2025-05-28T03:51:10","modified_gmt":"2025-05-28T01:51:10","slug":"lave-linge-hublot-beko-wue6612w1w","status":"publish","type":"product","link":"https:\/\/electro-tot-menage.es\/index.php\/produit\/lave-linge-hublot-beko-wue6612w1w\/","title":{"rendered":"Lavadora ojo de buey BEKO WUE6612W1W"},"content":{"rendered":"<p>CARACTER\u00cdSTICAS GENERALES<\/p>\n<p>Tipo lavadora de carga frontal<br \/>\nFunci\u00f3n de secado n.\u00ba<br \/>\nTipo de cargador frontal<br \/>\nCapacidad de lavado 6 kg<br \/>\nClase de eficiencia energ\u00e9tica D<br \/>\nClase de eficiencia de lavado N\/C<br \/>\nVelocidad de centrifugado 1200 rpm<br \/>\nClase de eficiencia de centrifugado B<br \/>\nNivel de ruido de lavado (dB) N\/C<br \/>\nNivel m\u00e1ximo de sonido (dB) 74<br \/>\nClase de emisi\u00f3n de ruido (al centrifugar) B<br \/>\nDesventajas. Energ\u00eda \/ 100 ciclos (kWh) 64<br \/>\nDesventajas. Ciclo del agua \u201cEco 40-60\u201d (L\/ciclo) 43<br \/>\nDuraci\u00f3n del ciclo \u201cEco 40-60\u201d (h:min) 3:17<br \/>\nVolumen del tambor (L) 39<br \/>\nLavadora conectada n.\u00ba<br \/>\nTecnolog\u00eda de vapor S\u00ed<br \/>\nProgramador electr\u00f3nico S\u00ed<br \/>\nCapacidad variable autom\u00e1tica S\u00ed<br \/>\nLos productos a\u00f1adidos Tanque parcialmente fabricado con pl\u00e1stico reciclado, tecnolog\u00eda de vapor SteamCure<br \/>\nColor blanco<br \/>\nPROGRAMAS<br \/>\nN\u00famero de programas 15<br \/>\nAlgod\u00f3n S\u00ed<br \/>\nSint\u00e9tico S\u00ed<br \/>\nEco 40-60\u00b0 S\u00ed<br \/>\nSuavemente s\u00ed<br \/>\nLana S\u00ed<br \/>\nLavado a mano S\u00ed<br \/>\nDeporte S\u00ed<br \/>\nMixto S\u00ed<br \/>\nExpress 14&#8242; Programas especiales, Tejidos oscuros \/ Vaqueros, Experto en manchas, Higiene+ con vapor, Ropa interior con vapor, Camisas con vapor<br \/>\nBOTONES \/ OPCIONES<br \/>\nInicio retrasado S\u00ed<br \/>\nTipo de inicio tard\u00edo de 13:00 a 19:00 horas.<br \/>\nFinal retrasado n.\u00ba<br \/>\nEnjuague + S\u00ed<br \/>\nVariaci\u00f3n de giro S\u00ed<br \/>\nAgregar ropa durante el ciclo de lavado S\u00ed<br \/>\nBotones especiales Prelavado, R\u00e1pido, Limpieza del tambor con vapor, Protecci\u00f3n contra arrugas, Vapor (SteamCure)<br \/>\nPANTALLA Y PANTALLA<br \/>\nPantalla S\u00ed<br \/>\nTipo de pantalla Digital<br \/>\nVisualizaci\u00f3n del tiempo restante S\u00ed<br \/>\nEQUIPO<br \/>\nTipo de motor Inducci\u00f3n ProSmart Inverter<br \/>\nMaterial\/tipo de tambor: acero inoxidable con celdas Aquawave<br \/>\nMaterial del tanque: polipropileno<br \/>\nIluminaci\u00f3n del tambor n.\u00ba<br \/>\nOtros muros antivibratorios<br \/>\nSEGURIDAD<br \/>\nProtecci\u00f3n contra desbordamiento S\u00ed<br \/>\nDetector antidesequilibrio S\u00ed<br \/>\nSeguridad infantil S\u00ed<br \/>\nOtro: Indicador de entrada de agua cerrada<br \/>\nDIMENSIONES Y PESO<br \/>\nApertura de puerta (\u00b0) 170<br \/>\nAltura (cm) 84<br \/>\nAncho (cm) 60<br \/>\nProfundidad (cm) 44<br \/>\nPeso (kg) 57<br \/>\nNORMAS EUROPEAS (marzo de 2021)<br \/>\nCapacidad nominal del programa \u201cEco 40-60\u201d (kg) 6<br \/>\nIEEE 79.5<br \/>\nClase de eficiencia energ\u00e9tica D<br \/>\n\u00cdndice de eficiencia de lavado 1.035<br \/>\nEficiencia de descarga (g\/kg) 4,9<br \/>\nDesventajas. energ\u00eda ponderada por 100 ciclos (kWh) 64<br \/>\nDesventajas. Energ\u00eda del ciclo de lavado \u201cEco 40-60\u201d (kWh) 0,644<br \/>\nDesventajas. Agua ponderada por ciclo (litros) 43<br \/>\nTemperatura. m\u00e1x. (\u00b0C) en textil tratado (capacidad nominal) 45<br \/>\nTemperatura. m\u00e1x. (\u00b0C) en textil tratado (mitad) 30<br \/>\nTasa de humedad residual ponderada (%) 53,9<br \/>\nVelocidad de centrifugado (rpm) 1200<br \/>\nClase de eficiencia de centrifugado B<br \/>\nDuraci\u00f3n del programa \u201cEco 40-60\u201d capacidad nominal (h:min) 3:17<br \/>\nDuraci\u00f3n de la mitad del programa \u201cEco 40-60\u201d (h:min) 2:35<br \/>\nDuraci\u00f3n del programa trimestre \u201cEco 40-60\u201d (h:min) 2:35<br \/>\nEmisiones de ruido ac\u00fastico en el aire (dB(A)) 74<br \/>\nClase B de emisi\u00f3n de ruido a\u00e9reo<br \/>\nModo apagado (W) 0,50<br \/>\nModo de suspensi\u00f3n (W) 1<br \/>\nInicio retrasado (W) 4<br \/>\nDise\u00f1o independiente<br \/>\nREPUESTOS Y REPARACI\u00d3N<br \/>\nDisponibilidad de repuestos (a\u00f1o) 012<br \/>\nFecha de entrada en vigor del contrato de compraventa del consumidor.<br \/>\n\u00cdndice de reparabilidad (Nota \/10) 8.3<\/p>\n","protected":false},"excerpt":{"rendered":"<p>\u2705 Env\u00edo gratuito: de 5 a 7 d\u00edas<br \/>\n\u2705 Env\u00edo expr\u00e9s (9\u202f\u20ac): de 2 a 3 d\u00edas<br \/>\n\u2705 Pago seguro<br \/>\n\u2705 Devoluci\u00f3n en 30 d\u00edas<\/p>\n","protected":false},"featured_media":12840,"comment_status":"closed","ping_status":"closed","template":"","meta":[],"product_cat":[103,104,123],"product_tag":[],"class_list":["post-12635","product","type-product","status-publish","has-post-thumbnail","hentry","product_cat-electrodomesticos-gordos","product_cat-lavadora","product_cat-lavadora-ullauge"],"_links":{"self":[{"href":"https:\/\/electro-tot-menage.es\/index.php\/wp-json\/wp\/v2\/product\/12635"}],"collection":[{"href":"https:\/\/electro-tot-menage.es\/index.php\/wp-json\/wp\/v2\/product"}],"about":[{"href":"https:\/\/electro-tot-menage.es\/index.php\/wp-json\/wp\/v2\/types\/product"}],"replies":[{"embeddable":true,"href":"https:\/\/electro-tot-menage.es\/index.php\/wp-json\/wp\/v2\/comments?post=12635"}],"version-history":[{"count":5,"href":"https:\/\/electro-tot-menage.es\/index.php\/wp-json\/wp\/v2\/product\/12635\/revisions"}],"predecessor-version":[{"id":14577,"href":"https:\/\/electro-tot-menage.es\/index.php\/wp-json\/wp\/v2\/product\/12635\/revisions\/14577"}],"wp:featuredmedia":[{"embeddable":true,"href":"https:\/\/electro-tot-menage.es\/index.php\/wp-json\/wp\/v2\/media\/12840"}],"wp:attachment":[{"href":"https:\/\/electro-tot-menage.es\/index.php\/wp-json\/wp\/v2\/media?parent=12635"}],"wp:term":[{"taxonomy":"product_cat","embeddable":true,"href":"https:\/\/electro-tot-menage.es\/index.php\/wp-json\/wp\/v2\/product_cat?post=12635"},{"taxonomy":"product_tag","embeddable":true,"href":"https:\/\/electro-tot-menage.es\/index.php\/wp-json\/wp\/v2\/product_tag?post=12635"}],"curies":[{"name":"wp","href":"https:\/\/api.w.org\/{rel}","templated":true}]}}