{"id":12085,"date":"2023-12-02T11:10:47","date_gmt":"2023-12-02T10:10:47","guid":{"rendered":"https:\/\/electro-tot-menage.es\/?post_type=product&#038;p=12085"},"modified":"2025-05-28T04:07:20","modified_gmt":"2025-05-28T02:07:20","slug":"frigorifico-de-una-puerta-liebherr-rsfe5020-20","status":"publish","type":"product","link":"https:\/\/electro-tot-menage.es\/index.php\/produit\/frigorifico-de-una-puerta-liebherr-rsfe5020-20\/","title":{"rendered":"Frigor\u00edfico de una puerta LIEBHERR RSFE5020-20"},"content":{"rendered":"<p>CARACTER\u00cdSTICAS<br \/>\nNORMAS EUROPEAS (marzo de 2021)<br \/>\nTipo de construcci\u00f3n Independiente<br \/>\nIEEE 100<br \/>\nVolumen total (L) 349<br \/>\nClase de eficiencia energ\u00e9tica E<br \/>\nNivel de sonido (dB) 36<br \/>\nClase C de emisi\u00f3n de ruido ac\u00fastico a\u00e9reo<br \/>\nConso. energ\u00eda anual (kWh\/a\u00f1o) 117<br \/>\nClase clim\u00e1tica SN-T. Este dispositivo est\u00e1 dise\u00f1ado para utilizarse a una temperatura ambiente entre 10 \u00b0C y 43 \u00b0C.<br \/>\nConfiguraci\u00f3n de invierno No<br \/>\nVolumen del refrigerador (L) 349<br \/>\nTemperatura recomendada para el almacenamiento optimizado de alimentos frescos (\u00b0C) 5<br \/>\nModo de descongelaci\u00f3n autom\u00e1tica del refrigerador<br \/>\nDispositivo de congelaci\u00f3n r\u00e1pida No<br \/>\nTipo de fuente de luz LED<br \/>\nFuente de luz de clase de eficiencia energ\u00e9tica G<br \/>\nGENERAL<br \/>\nRefrigerador tipo 1 puerta<br \/>\nTipo de refrigerador Refrigerador de una puerta<br \/>\nClase energ\u00e9tica E<br \/>\nVolumen (L) 349<br \/>\nConso. energ\u00eda en 24h (kWh) 0,32<br \/>\nN\u00famero de puerta(s) 1<br \/>\nTodo \u00fatil S\u00ed<br \/>\nRegulaci\u00f3n electr\u00f3nica de la temperatura<br \/>\nConectado S\u00ed<br \/>\nDistribuidor de 3 funciones No<br \/>\nBarra empotrada (Home Bar) No<br \/>\nVarios Posibilidad de conectar el dispositivo a la red inal\u00e1mbrica a trav\u00e9s de SmartDeviceBox<br \/>\nColor acero inoxidable<br \/>\nREFRIGERADOR<br \/>\nTipo de descongelaci\u00f3n Autom\u00e1tico<br \/>\nRefrigerador fr\u00edo con ventilador<br \/>\nTipo de estante(s) Vidrio<br \/>\nCONGELADOR<br \/>\nPosici\u00f3n del congelador Sin congelador<br \/>\nEQUIPO<br \/>\nDispensador de agua No<br \/>\nFUNCIONES<br \/>\nAlarma de temperatura S\u00ed<br \/>\nAlarma de puerta abierta S\u00ed<br \/>\nTipo de alarma de puerta abierta: Visual y Audible<br \/>\nPANTALLA Y PANTALLA<br \/>\nPantalla S\u00ed<br \/>\nTipo de pantalla Pantalla t\u00e1ctil Pantalla digital<br \/>\nDIMENSIONES Y PESO<br \/>\nAltura (cm) 165,5<br \/>\nAncho (cm) 59,7<br \/>\nProfundidad (cm) 67,5<br \/>\nPeso (kg) 60,8<br \/>\nREPUESTOS Y REPARACIONES<br \/>\nFecha efectiva de compra del consumidor.<br \/>\nDisponibilidad de repuestos (a\u00f1o) 015<\/p>\n","protected":false},"excerpt":{"rendered":"<p>\u2705 Env\u00edo gratuito: de 5 a 7 d\u00edas<br \/>\n\u2705 Env\u00edo expr\u00e9s (9\u202f\u20ac): de 2 a 3 d\u00edas<br \/>\n\u2705 Pago seguro<br \/>\n\u2705 Devoluci\u00f3n en 30 d\u00edas<\/p>\n","protected":false},"featured_media":13514,"comment_status":"closed","ping_status":"closed","template":"","meta":[],"product_cat":[103,118,115],"product_tag":[],"class_list":["post-12085","product","type-product","status-publish","has-post-thumbnail","hentry","product_cat-electrodomesticos-gordos","product_cat-frigorifico-con-1-puerta","product_cat-refrigerador"],"_links":{"self":[{"href":"https:\/\/electro-tot-menage.es\/index.php\/wp-json\/wp\/v2\/product\/12085"}],"collection":[{"href":"https:\/\/electro-tot-menage.es\/index.php\/wp-json\/wp\/v2\/product"}],"about":[{"href":"https:\/\/electro-tot-menage.es\/index.php\/wp-json\/wp\/v2\/types\/product"}],"replies":[{"embeddable":true,"href":"https:\/\/electro-tot-menage.es\/index.php\/wp-json\/wp\/v2\/comments?post=12085"}],"version-history":[{"count":4,"href":"https:\/\/electro-tot-menage.es\/index.php\/wp-json\/wp\/v2\/product\/12085\/revisions"}],"predecessor-version":[{"id":14597,"href":"https:\/\/electro-tot-menage.es\/index.php\/wp-json\/wp\/v2\/product\/12085\/revisions\/14597"}],"wp:featuredmedia":[{"embeddable":true,"href":"https:\/\/electro-tot-menage.es\/index.php\/wp-json\/wp\/v2\/media\/13514"}],"wp:attachment":[{"href":"https:\/\/electro-tot-menage.es\/index.php\/wp-json\/wp\/v2\/media?parent=12085"}],"wp:term":[{"taxonomy":"product_cat","embeddable":true,"href":"https:\/\/electro-tot-menage.es\/index.php\/wp-json\/wp\/v2\/product_cat?post=12085"},{"taxonomy":"product_tag","embeddable":true,"href":"https:\/\/electro-tot-menage.es\/index.php\/wp-json\/wp\/v2\/product_tag?post=12085"}],"curies":[{"name":"wp","href":"https:\/\/api.w.org\/{rel}","templated":true}]}}