{"id":11658,"date":"2023-12-02T11:07:25","date_gmt":"2023-12-02T10:07:25","guid":{"rendered":"https:\/\/electro-tot-menage.es\/?post_type=product&#038;p=11658"},"modified":"2025-05-28T04:13:26","modified_gmt":"2025-05-28T02:13:26","slug":"refrigerateur-combine-inverse-bosch-kgn36nwea","status":"publish","type":"product","link":"https:\/\/electro-tot-menage.es\/index.php\/produit\/refrigerateur-combine-inverse-bosch-kgn36nwea\/","title":{"rendered":"Refrigerador de ciclo inverso BOSCH KGN36NWEA"},"content":{"rendered":"<p>CARACTER\u00cdSTICAS<br \/>\nNORMAS EUROPEAS (marzo de 2021)<br \/>\nTipo de construcci\u00f3n Independiente<br \/>\nIEEE 99.9<br \/>\nVolumen total (L) 305<br \/>\nClase de eficiencia energ\u00e9tica E<br \/>\nNivel de sonido (dB) 42<br \/>\nClase D de emisi\u00f3n de ruido ac\u00fastico a\u00e9reo<br \/>\nConso. energ\u00eda anual (kWh\/a\u00f1o) 239<br \/>\nClase clim\u00e1tica SN-T. Este dispositivo est\u00e1 dise\u00f1ado para utilizarse a una temperatura ambiente entre 10 \u00b0C y 43 \u00b0C.<br \/>\nConfiguraci\u00f3n de invierno No<br \/>\nVolumen del refrigerador (L) 216<br \/>\nTemperatura recomendada para el almacenamiento optimizado de alimentos frescos (\u00b0C) 4<br \/>\nModo de descongelaci\u00f3n autom\u00e1tica del refrigerador<br \/>\nVolumen del congelador (L) 89<br \/>\nTemperatura recomendada para el almacenamiento optimizado de alimentos en el compartimento de 4 estrellas (\u00b0C) -18<br \/>\nModo de descongelaci\u00f3n autom\u00e1tica del congelador<br \/>\nDispositivo de congelaci\u00f3n r\u00e1pida S\u00ed<br \/>\nTipo de fuente de luz LED<br \/>\nFuente de luz de clase de eficiencia energ\u00e9tica G<br \/>\nGENERAL<br \/>\nRefrigerador combinado tipo inverso<br \/>\nTipo de refrigerador Refrigerador &#8211; Congelador inferior<br \/>\nClase energ\u00e9tica E<br \/>\nVolumen (L) 305<br \/>\nN\u00famero de puerta(s) 2<br \/>\nCualquier No \u00fatil<br \/>\nRegulaci\u00f3n electr\u00f3nica de la temperatura<br \/>\nNo conectado<br \/>\nDistribuidor de 3 funciones No<br \/>\nBarra empotrada (Home Bar) No<br \/>\nColor blanco<br \/>\nREFRIGERADOR<br \/>\nTipo de descongelaci\u00f3n Autom\u00e1tico<br \/>\nRefrigerador ventilado fr\u00edo<br \/>\nTipo de estante(s) Vidrio de seguridad<br \/>\nN\u00famero total de estantes: 4<br \/>\nN\u00famero de estantes ajustables 3<br \/>\nN\u00famero de balcones de puerta 4<br \/>\nTipo de iluminaci\u00f3n LED con intensidad progresiva<br \/>\nCONGELADOR<br \/>\nPosici\u00f3n del congelador inferior<br \/>\nDescongelaci\u00f3n autom\u00e1tica del congelador<br \/>\nCongelador ventilado fr\u00edo<br \/>\nN\u00famero de caj\u00f3n(es) 3<br \/>\nEQUIPO<br \/>\nPuerta reversible S\u00ed<br \/>\nTipo de manija(s) Integrada<br \/>\nDispensador de agua No<br \/>\nEquipo frigor\u00edfico MultiBox (compartimento transparente con fondo corrugado, ideal para almacenar frutas y verduras)<br \/>\nEquipamiento de congelaci\u00f3n Bandeja EasyAccess con asas, VarioZone con estantes extra\u00edbles de cristal de seguridad<br \/>\nFUNCIONES<br \/>\nCongelador. Congelaci\u00f3n r\u00e1pida o s\u00faper congelaci\u00f3n S\u00ed<br \/>\nAlarma de temperatura S\u00ed<br \/>\nTipo de alarma de temperatura Visual y audible<br \/>\nPANTALLA Y PANTALLA<br \/>\nPantalla No<br \/>\nIndicador LED de tipo de pantalla<br \/>\nDIMENSIONES Y PESO<br \/>\nAltura (cm) 186<br \/>\nAncho (cm) 60<br \/>\nProfundidad (cm) 66<br \/>\nPeso (kg) 61,8<br \/>\nREPUESTOS Y REPARACIONES<br \/>\nFecha efectiva de fabricaci\u00f3n.<br \/>\nDisponibilidad de repuestos (a\u00f1o) 015<\/p>\n","protected":false},"excerpt":{"rendered":"<p>\u2705 Env\u00edo gratuito: de 5 a 7 d\u00edas<br \/>\n\u2705 Env\u00edo expr\u00e9s (9\u202f\u20ac): de 2 a 3 d\u00edas<br \/>\n\u2705 Pago seguro<br \/>\n\u2705 Devoluci\u00f3n en 30 d\u00edas<\/p>\n","protected":false},"featured_media":13639,"comment_status":"closed","ping_status":"closed","template":"","meta":[],"product_cat":[103,117,115],"product_tag":[],"class_list":["post-11658","product","type-product","status-publish","has-post-thumbnail","hentry","product_cat-electrodomesticos-gordos","product_cat-frigorifico-congelador-debajo","product_cat-refrigerador"],"_links":{"self":[{"href":"https:\/\/electro-tot-menage.es\/index.php\/wp-json\/wp\/v2\/product\/11658"}],"collection":[{"href":"https:\/\/electro-tot-menage.es\/index.php\/wp-json\/wp\/v2\/product"}],"about":[{"href":"https:\/\/electro-tot-menage.es\/index.php\/wp-json\/wp\/v2\/types\/product"}],"replies":[{"embeddable":true,"href":"https:\/\/electro-tot-menage.es\/index.php\/wp-json\/wp\/v2\/comments?post=11658"}],"version-history":[{"count":4,"href":"https:\/\/electro-tot-menage.es\/index.php\/wp-json\/wp\/v2\/product\/11658\/revisions"}],"predecessor-version":[{"id":14618,"href":"https:\/\/electro-tot-menage.es\/index.php\/wp-json\/wp\/v2\/product\/11658\/revisions\/14618"}],"wp:featuredmedia":[{"embeddable":true,"href":"https:\/\/electro-tot-menage.es\/index.php\/wp-json\/wp\/v2\/media\/13639"}],"wp:attachment":[{"href":"https:\/\/electro-tot-menage.es\/index.php\/wp-json\/wp\/v2\/media?parent=11658"}],"wp:term":[{"taxonomy":"product_cat","embeddable":true,"href":"https:\/\/electro-tot-menage.es\/index.php\/wp-json\/wp\/v2\/product_cat?post=11658"},{"taxonomy":"product_tag","embeddable":true,"href":"https:\/\/electro-tot-menage.es\/index.php\/wp-json\/wp\/v2\/product_tag?post=11658"}],"curies":[{"name":"wp","href":"https:\/\/api.w.org\/{rel}","templated":true}]}}