{"id":11528,"date":"2023-12-02T11:06:29","date_gmt":"2023-12-02T10:06:29","guid":{"rendered":"https:\/\/electro-tot-menage.es\/?post_type=product&#038;p=11528"},"modified":"2025-05-28T04:16:24","modified_gmt":"2025-05-28T02:16:24","slug":"frigorifico-de-2-puertas-schneider-pem-scdd-208-vb","status":"publish","type":"product","link":"https:\/\/electro-tot-menage.es\/index.php\/produit\/frigorifico-de-2-puertas-schneider-pem-scdd-208-vb\/","title":{"rendered":"Frigor\u00edfico de 2 puertas SCHNEIDER PEM SCDD 208 VB"},"content":{"rendered":"<p>CARACTER\u00cdSTICAS<br \/>\nNORMAS EUROPEAS (marzo de 2021)<br \/>\nTipo de construcci\u00f3n Independiente<br \/>\nIEEE 100<br \/>\nVolumen total (L) 211<br \/>\nClase de eficiencia energ\u00e9tica E<br \/>\nNivel de sonido (dB) 40<br \/>\nClase C de emisi\u00f3n de ruido ac\u00fastico a\u00e9reo<br \/>\nConso. energ\u00eda anual (kWh\/a\u00f1o) 174<br \/>\nClase clim\u00e1tica N-ST. Este dispositivo est\u00e1 dise\u00f1ado para utilizarse a una temperatura ambiente entre 16 \u00b0C y 38 \u00b0C.<br \/>\nConfiguraci\u00f3n de invierno No<br \/>\nVolumen del refrigerador (L) 172<br \/>\nTemperatura recomendada para el almacenamiento optimizado de alimentos frescos (\u00b0C) 4<br \/>\nVolumen del congelador (L) 39<br \/>\nTemperatura recomendada para el almacenamiento optimizado de alimentos en el compartimento de 4 estrellas (\u00b0C) -18<br \/>\nModo de descongelaci\u00f3n del congelador Manual<br \/>\nPoder de congelaci\u00f3n espec\u00edfico (kg\/24h) 2<br \/>\nDispositivo de congelaci\u00f3n r\u00e1pida No<br \/>\nGENERAL<br \/>\nRefrigerador tipo 2 puertas<br \/>\nEl alcance del sentimiento<br \/>\nTipo de refrigerador Refrigerador &#8211; Congelador superior<br \/>\nClase energ\u00e9tica E<br \/>\nVolumen (L) 211<br \/>\nConso. energ\u00eda en 24h (kWh) 0,47<br \/>\nAutonom\u00eda (h) 18<br \/>\nN\u00famero de puerta(s) 2<br \/>\nCualquier No \u00fatil<br \/>\nRegulaci\u00f3n mec\u00e1nica de la temperatura<br \/>\nNo conectado<br \/>\nDistribuidor de 3 funciones No<br \/>\nBarra empotrada (Home Bar) No<br \/>\nColor negro<br \/>\nREFRIGERADOR<br \/>\nTipo de descongelaci\u00f3n Autom\u00e1tico<br \/>\nRefrigerador est\u00e1tico fr\u00edo<br \/>\nZona 0\u00b0C \/ Compartimento de frescura n.\u00b0<br \/>\nTipo de estante(s) Vidrio<br \/>\nN\u00famero total de estantes: 3<br \/>\nN\u00famero de estantes para botellas 0<br \/>\nN\u00famero de balcones de puerta 5<br \/>\nTipo de iluminaci\u00f3n LED<br \/>\nCONGELADOR<br \/>\nN\u00famero de estrellas: 4<br \/>\nPosici\u00f3n del congelador Superior<br \/>\nDescongelaci\u00f3n manual del congelador<br \/>\nCongelador est\u00e1tico fr\u00edo<br \/>\nEQUIPO<br \/>\nPuerta reversible No<br \/>\nDispensador de agua No<br \/>\nEquipamiento frigor\u00edfico Caj\u00f3n para verduras<br \/>\nEquipo de congelaci\u00f3n Estante de alambre<br \/>\nPANTALLA Y PANTALLA<br \/>\nPantalla No<br \/>\nDIMENSIONES Y PESO<br \/>\nAltura (cm) 150<br \/>\nAncho (cm) 54,5<br \/>\nProfundidad (cm) 64,5<br \/>\nPeso (kg) 51<br \/>\nREPUESTOS Y REPARACIONES<br \/>\nDisponibilidad de repuestos (a\u00f1o) 010<br \/>\nFecha de entrada en vigor de la compra del consumidor<\/p>\n","protected":false},"excerpt":{"rendered":"<p>\u2705 Env\u00edo gratuito: de 5 a 7 d\u00edas<br \/>\n\u2705 Env\u00edo expr\u00e9s (9\u202f\u20ac): de 2 a 3 d\u00edas<br \/>\n\u2705 Pago seguro<br \/>\n\u2705 Devoluci\u00f3n en 30 d\u00edas<\/p>\n","protected":false},"featured_media":13561,"comment_status":"closed","ping_status":"closed","template":"","meta":[],"product_cat":[103,116,115],"product_tag":[],"class_list":["post-11528","product","type-product","status-publish","has-post-thumbnail","hentry","product_cat-electrodomesticos-gordos","product_cat-frigorifico-congelador-en-la-parte-superior","product_cat-refrigerador"],"_links":{"self":[{"href":"https:\/\/electro-tot-menage.es\/index.php\/wp-json\/wp\/v2\/product\/11528"}],"collection":[{"href":"https:\/\/electro-tot-menage.es\/index.php\/wp-json\/wp\/v2\/product"}],"about":[{"href":"https:\/\/electro-tot-menage.es\/index.php\/wp-json\/wp\/v2\/types\/product"}],"replies":[{"embeddable":true,"href":"https:\/\/electro-tot-menage.es\/index.php\/wp-json\/wp\/v2\/comments?post=11528"}],"version-history":[{"count":4,"href":"https:\/\/electro-tot-menage.es\/index.php\/wp-json\/wp\/v2\/product\/11528\/revisions"}],"predecessor-version":[{"id":14626,"href":"https:\/\/electro-tot-menage.es\/index.php\/wp-json\/wp\/v2\/product\/11528\/revisions\/14626"}],"wp:featuredmedia":[{"embeddable":true,"href":"https:\/\/electro-tot-menage.es\/index.php\/wp-json\/wp\/v2\/media\/13561"}],"wp:attachment":[{"href":"https:\/\/electro-tot-menage.es\/index.php\/wp-json\/wp\/v2\/media?parent=11528"}],"wp:term":[{"taxonomy":"product_cat","embeddable":true,"href":"https:\/\/electro-tot-menage.es\/index.php\/wp-json\/wp\/v2\/product_cat?post=11528"},{"taxonomy":"product_tag","embeddable":true,"href":"https:\/\/electro-tot-menage.es\/index.php\/wp-json\/wp\/v2\/product_tag?post=11528"}],"curies":[{"name":"wp","href":"https:\/\/api.w.org\/{rel}","templated":true}]}}