{"id":11446,"date":"2023-12-02T11:04:47","date_gmt":"2023-12-02T10:04:47","guid":{"rendered":"https:\/\/electro-tot-menage.es\/?post_type=product&#038;p=11446"},"modified":"2025-04-18T18:56:28","modified_gmt":"2025-04-18T16:56:28","slug":"tanque-de-almacenamiento-de-agua-de-5000-litros","status":"publish","type":"product","link":"https:\/\/electro-tot-menage.es\/index.php\/produit\/tanque-de-almacenamiento-de-agua-de-5000-litros\/","title":{"rendered":"Tanque de almacenamiento de agua de 5000 litros"},"content":{"rendered":"<p>Dep\u00f3sito de almacenamiento de agua de 5000 litros suministrado con v\u00e1lvula hembra PCV \/ tefl\u00f3n DN50, desag\u00fce profesional montado, boca de hombre \u00d8 462 mm.<\/p>\n<p>Limpie su tanque utilizando su boca de acceso.<br \/>\nMueva e instale f\u00e1cilmente su tanque de vac\u00edo, sin gr\u00faa, gracias a sus anillos de manipulaci\u00f3n<br \/>\nPolietileno completamente opaco que previene la formaci\u00f3n de algas.<br \/>\nRanurado para mayor rigidez<br \/>\nAccesorio de mamparo instalado por profesionales para garantizar una estanqueidad \u00f3ptima<\/p>\n<p>Instrucciones de uso:<\/p>\n<p>Se colocar\u00e1 sobre una superficie de hormig\u00f3n seg\u00fan las especificaciones.<br \/>\nApto para cualquier tipo de l\u00edquido que no supere 1 kg\/dm3.<br \/>\nCompruebe antes de la entrega la posici\u00f3n y el tama\u00f1o del paso del mamparo.<\/p>\n<p>Detalles :<\/p>\n<p>Marca: DURAPLAS<br \/>\nAltura: 2,28 m<br \/>\nDi\u00e1metro: 1,89 m<br \/>\nCapacidad: 5000 Litros<br \/>\nGarant\u00eda: 10 a\u00f1os<br \/>\nPosici\u00f3n: Vertical<br \/>\nFamilia de productos: Tanque de almacenamiento<br \/>\nHecho en Francia<br \/>\ngarant\u00eda de 10 a\u00f1os<\/p>\n","protected":false},"excerpt":{"rendered":"<p>Dep\u00f3sito de almacenamiento de agua de 5000 litros suministrado con v\u00e1lvula hembra PCV \/ tefl\u00f3n DN50, desag\u00fce profesional montado, boca<\/p>\n","protected":false},"featured_media":11596,"comment_status":"closed","ping_status":"closed","template":"","meta":[],"product_cat":[75],"product_tag":[113],"class_list":["post-11446","product","type-product","status-publish","has-post-thumbnail","hentry","product_cat-casa-jardin","product_tag-cuve-a-eau"],"_links":{"self":[{"href":"https:\/\/electro-tot-menage.es\/index.php\/wp-json\/wp\/v2\/product\/11446"}],"collection":[{"href":"https:\/\/electro-tot-menage.es\/index.php\/wp-json\/wp\/v2\/product"}],"about":[{"href":"https:\/\/electro-tot-menage.es\/index.php\/wp-json\/wp\/v2\/types\/product"}],"replies":[{"embeddable":true,"href":"https:\/\/electro-tot-menage.es\/index.php\/wp-json\/wp\/v2\/comments?post=11446"}],"version-history":[{"count":2,"href":"https:\/\/electro-tot-menage.es\/index.php\/wp-json\/wp\/v2\/product\/11446\/revisions"}],"predecessor-version":[{"id":13433,"href":"https:\/\/electro-tot-menage.es\/index.php\/wp-json\/wp\/v2\/product\/11446\/revisions\/13433"}],"wp:featuredmedia":[{"embeddable":true,"href":"https:\/\/electro-tot-menage.es\/index.php\/wp-json\/wp\/v2\/media\/11596"}],"wp:attachment":[{"href":"https:\/\/electro-tot-menage.es\/index.php\/wp-json\/wp\/v2\/media?parent=11446"}],"wp:term":[{"taxonomy":"product_cat","embeddable":true,"href":"https:\/\/electro-tot-menage.es\/index.php\/wp-json\/wp\/v2\/product_cat?post=11446"},{"taxonomy":"product_tag","embeddable":true,"href":"https:\/\/electro-tot-menage.es\/index.php\/wp-json\/wp\/v2\/product_tag?post=11446"}],"curies":[{"name":"wp","href":"https:\/\/api.w.org\/{rel}","templated":true}]}}