{"id":11445,"date":"2023-12-02T11:04:47","date_gmt":"2023-12-02T10:04:47","guid":{"rendered":"https:\/\/electro-tot-menage.es\/?post_type=product&#038;p=11445"},"modified":"2025-04-18T13:30:20","modified_gmt":"2025-04-18T11:30:20","slug":"cuve-de-stockage-deau-2000l","status":"publish","type":"product","link":"https:\/\/electro-tot-menage.es\/index.php\/produit\/cuve-de-stockage-deau-2000l\/","title":{"rendered":"Tanque de almacenamiento de agua de 2000L"},"content":{"rendered":"<p style=\"text-align: left;\">Tanque de almacenamiento de agua de 2000L Fabricado en polietileno rotomoldeado Equipado con tapa inclinable 180\u00b0 Di\u00e1metro. 438MM Acoplamiento r\u00e1pido con embrague para dep\u00f3sitos. Extremo macho roscado G1 1&#8243;1\/4 con junta de EPDM de grado alimenticio, anillo plano r\u00edgido de PP y abrazadera de polietileno negro, completamente opaco, lo que previene la formaci\u00f3n de algas. Tratamiento UV de alta definici\u00f3n, apto para exteriores.<br \/>\nAltamente resistente a las variaciones de temperatura con un rango de uso de -30\u00b0C a +60\u00b0C Muy resistente a los golpes<br \/>\n100% reciclable Acabado liso<\/p>\n","protected":false},"excerpt":{"rendered":"<p>Tanque de almacenamiento de agua de 2000L Fabricado en polietileno rotomoldeado Equipado con tapa inclinable 180\u00b0 Di\u00e1metro. 438MM Acoplamiento r\u00e1pido<\/p>\n","protected":false},"featured_media":11592,"comment_status":"closed","ping_status":"closed","template":"","meta":[],"product_cat":[75],"product_tag":[113],"class_list":["post-11445","product","type-product","status-publish","has-post-thumbnail","hentry","product_cat-casa-jardin","product_tag-cuve-a-eau"],"_links":{"self":[{"href":"https:\/\/electro-tot-menage.es\/index.php\/wp-json\/wp\/v2\/product\/11445"}],"collection":[{"href":"https:\/\/electro-tot-menage.es\/index.php\/wp-json\/wp\/v2\/product"}],"about":[{"href":"https:\/\/electro-tot-menage.es\/index.php\/wp-json\/wp\/v2\/types\/product"}],"replies":[{"embeddable":true,"href":"https:\/\/electro-tot-menage.es\/index.php\/wp-json\/wp\/v2\/comments?post=11445"}],"version-history":[{"count":3,"href":"https:\/\/electro-tot-menage.es\/index.php\/wp-json\/wp\/v2\/product\/11445\/revisions"}],"predecessor-version":[{"id":13415,"href":"https:\/\/electro-tot-menage.es\/index.php\/wp-json\/wp\/v2\/product\/11445\/revisions\/13415"}],"wp:featuredmedia":[{"embeddable":true,"href":"https:\/\/electro-tot-menage.es\/index.php\/wp-json\/wp\/v2\/media\/11592"}],"wp:attachment":[{"href":"https:\/\/electro-tot-menage.es\/index.php\/wp-json\/wp\/v2\/media?parent=11445"}],"wp:term":[{"taxonomy":"product_cat","embeddable":true,"href":"https:\/\/electro-tot-menage.es\/index.php\/wp-json\/wp\/v2\/product_cat?post=11445"},{"taxonomy":"product_tag","embeddable":true,"href":"https:\/\/electro-tot-menage.es\/index.php\/wp-json\/wp\/v2\/product_tag?post=11445"}],"curies":[{"name":"wp","href":"https:\/\/api.w.org\/{rel}","templated":true}]}}