{"id":11262,"date":"2023-12-02T11:02:50","date_gmt":"2023-12-02T10:02:50","guid":{"rendered":"https:\/\/electro-tot-menage.es\/?post_type=product&#038;p=11262"},"modified":"2025-05-28T02:50:49","modified_gmt":"2025-05-28T00:50:49","slug":"robot-tondeuse-315-mark-ii-husqvarna","status":"publish","type":"product","link":"https:\/\/electro-tot-menage.es\/index.php\/produit\/robot-tondeuse-315-mark-ii-husqvarna\/","title":{"rendered":"Robot cortac\u00e9sped 315 Mark II HUSQVARNA"},"content":{"rendered":"<p data-start=\"56\" data-end=\"208\">Gracias a su dise\u00f1o compacto de 4 ruedas, el nuevo robot cortac\u00e9sped <strong data-start=\"125\" data-end=\"158\">HUSQVARNA Automower\u00ae 315 Mark<\/strong> cuida sin esfuerzo los jardines de hasta 1500 m\u00b2.<\/p>\n<p data-start=\"210\" data-end=\"644\">Puede manejar pendientes de hasta un 40\u00a0% de inclinaci\u00f3n e incluso orientarse a trav\u00e9s de pasajes estrechos. Una vez que ha terminado el trabajo, su triple funci\u00f3n de b\u00fasqueda le permite encontrar el camino m\u00e1s r\u00e1pido hacia la estaci\u00f3n de carga. Es f\u00e1cil de usar y limpiar, puede ser controlado desde su smartphone y cuenta con protecci\u00f3n contra heladas y un temporizador adaptativo que ajusta los tiempos de corte seg\u00fan la temporada.<\/p>\n<h3 data-start=\"646\" data-end=\"674\">Automower\u00ae Connect@HOME:<\/h3>\n<p data-start=\"675\" data-end=\"999\">La soluci\u00f3n Bluetooth\u00ae Automower\u00ae Connect@HOME le ofrece un control total de su cortac\u00e9sped desde su smartphone. Puede enviar f\u00e1cilmente \u00f3rdenes de inicio, parada y estacionamiento, adem\u00e1s de verificar y modificar los ajustes. Alcance de la comunicaci\u00f3n Bluetooth\u00ae de hasta 10 metros. Incluido de serie en las gamas 300-400.<\/p>\n<h3 data-start=\"1001\" data-end=\"1034\">Corte sistem\u00e1tico en pasajes:<\/h3>\n<p data-start=\"1035\" data-end=\"1402\">Para obtener excelentes resultados de corte en todas partes, el robot cortac\u00e9sped puede configurarse para cambiar autom\u00e1ticamente del modo aleatorio al modo sistem\u00e1tico en pasajes estrechos.<br data-start=\"1225\" data-end=\"1228\" \/>El Automower\u00ae detecta autom\u00e1ticamente los pasajes estrechos y se abre paso incluso en zonas muy ajustadas. Su trayectoria var\u00eda para evitar marcas antiest\u00e9ticas en el c\u00e9sped.<\/p>\n<h3 data-start=\"1404\" data-end=\"1432\">Temporizador adaptativo:<\/h3>\n<p data-start=\"1433\" data-end=\"1756\">Ajusta el tiempo de trabajo al ritmo de crecimiento del c\u00e9sped, lo que significa que el Automower\u00ae maximiza sus horas de corte durante los per\u00edodos de mayor crecimiento. En d\u00edas soleados y secos o a finales de temporada, la cortadora pasar\u00e1 menos tiempo cortando, lo que reduce el desgaste tanto del c\u00e9sped como del equipo.<\/p>\n<h3 data-start=\"1758\" data-end=\"1788\">Protecci\u00f3n contra heladas:<\/h3>\n<p data-start=\"1789\" data-end=\"1912\">El robot cortac\u00e9sped interrumpe autom\u00e1ticamente el programa de corte en caso de heladas, ayudando as\u00ed a proteger el c\u00e9sped.<\/p>\n<h3 data-start=\"1914\" data-end=\"1934\">Corte por zonas:<\/h3>\n<p data-start=\"1935\" data-end=\"2275\">Modo especial para cortar r\u00e1pidamente en una zona espec\u00edfica. Esto es especialmente \u00fatil en \u00e1reas donde se ha retirado mobiliario de jard\u00edn. Coloque el Automower en la zona deseada y seleccione el modo de corte por zonas. El cortac\u00e9sped realizar\u00e1 un corte en espiral cerrado y luego volver\u00e1 al modo autom\u00e1tico una vez finalizado el trabajo.<\/p>\n","protected":false},"excerpt":{"rendered":"<p>\u2705 Env\u00edo gratuito: de 5 a 7 d\u00edas<br \/>\n\u2705 Env\u00edo expr\u00e9s (9\u202f\u20ac): de 2 a 3 d\u00edas<br \/>\n\u2705 Pago seguro<br \/>\n\u2705 Devoluci\u00f3n en 30 d\u00edas<\/p>\n<p>el nuevo robot cortac\u00e9sped <strong data-start=\"125\" data-end=\"158\">HUSQVARNA Automower\u00ae 315 Mark<\/strong> cuida sin esfuerzo los jardines de hasta 1500 m\u00b2.<\/p>\n","protected":false},"featured_media":11436,"comment_status":"closed","ping_status":"closed","template":"","meta":[],"product_cat":[75,81],"product_tag":[],"class_list":["post-11262","product","type-product","status-publish","has-post-thumbnail","hentry","product_cat-casa-jardin","product_cat-cortadora-de-cesped-robotica"],"_links":{"self":[{"href":"https:\/\/electro-tot-menage.es\/index.php\/wp-json\/wp\/v2\/product\/11262"}],"collection":[{"href":"https:\/\/electro-tot-menage.es\/index.php\/wp-json\/wp\/v2\/product"}],"about":[{"href":"https:\/\/electro-tot-menage.es\/index.php\/wp-json\/wp\/v2\/types\/product"}],"replies":[{"embeddable":true,"href":"https:\/\/electro-tot-menage.es\/index.php\/wp-json\/wp\/v2\/comments?post=11262"}],"version-history":[{"count":3,"href":"https:\/\/electro-tot-menage.es\/index.php\/wp-json\/wp\/v2\/product\/11262\/revisions"}],"predecessor-version":[{"id":14529,"href":"https:\/\/electro-tot-menage.es\/index.php\/wp-json\/wp\/v2\/product\/11262\/revisions\/14529"}],"wp:featuredmedia":[{"embeddable":true,"href":"https:\/\/electro-tot-menage.es\/index.php\/wp-json\/wp\/v2\/media\/11436"}],"wp:attachment":[{"href":"https:\/\/electro-tot-menage.es\/index.php\/wp-json\/wp\/v2\/media?parent=11262"}],"wp:term":[{"taxonomy":"product_cat","embeddable":true,"href":"https:\/\/electro-tot-menage.es\/index.php\/wp-json\/wp\/v2\/product_cat?post=11262"},{"taxonomy":"product_tag","embeddable":true,"href":"https:\/\/electro-tot-menage.es\/index.php\/wp-json\/wp\/v2\/product_tag?post=11262"}],"curies":[{"name":"wp","href":"https:\/\/api.w.org\/{rel}","templated":true}]}}