{"id":11261,"date":"2023-12-02T11:02:50","date_gmt":"2023-12-02T10:02:50","guid":{"rendered":"https:\/\/electro-tot-menage.es\/?post_type=product&#038;p=11261"},"modified":"2025-05-28T02:46:36","modified_gmt":"2025-05-28T00:46:36","slug":"robot-tondeuse-310-mark-ii-husqvarna","status":"publish","type":"product","link":"https:\/\/electro-tot-menage.es\/index.php\/produit\/robot-tondeuse-310-mark-ii-husqvarna\/","title":{"rendered":"Robot cortac\u00e9sped 310 Mark II HUSQVARNA"},"content":{"rendered":"<p data-start=\"57\" data-end=\"214\">Gracias a su dise\u00f1o compacto de 4 ruedas, el nuevo robot cortac\u00e9sped <strong data-start=\"126\" data-end=\"159\">HUSQVARNA Automower\u00ae 310 Mark<\/strong> cuida sin esfuerzo los jardines de hasta <strong data-start=\"201\" data-end=\"213\">1.000 m\u00b2<\/strong>.<\/p>\n<p data-start=\"216\" data-end=\"658\">Puede manejar pendientes con una inclinaci\u00f3n de hasta el <strong data-start=\"273\" data-end=\"280\">40%<\/strong> e incluso guiarse a trav\u00e9s de pasajes estrechos. Una vez que termina el trabajo, su funci\u00f3n de b\u00fasqueda triple le permite encontrar el camino m\u00e1s r\u00e1pido hacia la estaci\u00f3n de carga. F\u00e1cil de usar y de limpiar, puede controlarse desde tu smartphone y est\u00e1 equipado con protecci\u00f3n contra heladas y un <strong data-start=\"579\" data-end=\"606\">temporizador adaptativo<\/strong> que ajusta los tiempos de corte seg\u00fan la temporada.<\/p>\n<h3 data-start=\"660\" data-end=\"690\">Automower\u00ae Connect@HOME:<\/h3>\n<p data-start=\"691\" data-end=\"1032\">La soluci\u00f3n Bluetooth\u00ae <strong data-start=\"714\" data-end=\"741\">Automower\u00ae Connect@HOME<\/strong> te ofrece un control total del robot desde tu tel\u00e9fono m\u00f3vil. Puedes enviar f\u00e1cilmente \u00f3rdenes de inicio, parada y regreso a la base, as\u00ed como comprobar y modificar la configuraci\u00f3n. El alcance de la comunicaci\u00f3n Bluetooth\u00ae es de hasta <strong data-start=\"978\" data-end=\"991\">10 metros<\/strong>. Incluido de serie en las gamas 300-400.<\/p>\n<h3 data-start=\"1034\" data-end=\"1069\">Corte sistem\u00e1tico en pasajes:<\/h3>\n<p data-start=\"1070\" data-end=\"1405\">Para lograr resultados de corte excelentes en todo el jard\u00edn, el robot puede cambiar autom\u00e1ticamente del modo aleatorio al modo sistem\u00e1tico en los pasajes estrechos. El Automower\u00ae detecta autom\u00e1ticamente los pasajes angostos y se abre paso incluso en zonas estrechas. Var\u00eda su trayectoria para evitar marcas antiest\u00e9ticas en el c\u00e9sped.<\/p>\n<h3 data-start=\"1407\" data-end=\"1437\">Temporizador adaptativo:<\/h3>\n<p data-start=\"1438\" data-end=\"1754\">Ajusta el tiempo de trabajo seg\u00fan el ritmo de crecimiento del c\u00e9sped. Esto significa que el Automower\u00ae maximiza su tiempo de corte durante los per\u00edodos de mayor crecimiento. En d\u00edas soleados y secos, o al final de la temporada, pasar\u00e1 menos tiempo cortando, lo que reduce el desgaste tanto del c\u00e9sped como del robot.<\/p>\n<h3 data-start=\"1756\" data-end=\"1788\">Protecci\u00f3n contra heladas:<\/h3>\n<p data-start=\"1789\" data-end=\"1900\">El robot interrumpe autom\u00e1ticamente el programa de corte en caso de heladas, lo que ayuda a proteger el c\u00e9sped.<\/p>\n<h3 data-start=\"1902\" data-end=\"1923\">Corte por zona:<\/h3>\n<p data-start=\"1924\" data-end=\"2233\">Modo especial para cortar r\u00e1pidamente en una zona espec\u00edfica. Es \u00fatil en \u00e1reas que normalmente tienen muebles de jard\u00edn (una vez retirados). Coloca el Automower en la zona deseada y selecciona el modo de corte por zona. El robot cortar\u00e1 en espiral cerrada y luego volver\u00e1 al modo autom\u00e1tico una vez terminado.<\/p>\n<hr data-start=\"2235\" data-end=\"2238\" \/>\n<h3 data-start=\"2240\" data-end=\"2259\"><em data-start=\"2244\" data-end=\"2259\">Ficha t\u00e9cnica<\/em><\/h3>\n<p data-start=\"2261\" data-end=\"2473\"><strong data-start=\"2261\" data-end=\"2287\">Ventajas del producto:<\/strong><br data-start=\"2287\" data-end=\"2290\" \/>Sensores de colisi\u00f3n y levantamiento, pantalla LCD retroiluminada, detecci\u00f3n autom\u00e1tica de pasajes estrechos, temporizador adaptativo, sensores de heladas, lavable con manguera (IPX5)<\/p>\n<p data-start=\"2475\" data-end=\"2651\"><strong data-start=\"2475\" data-end=\"2503\">Consejo del profesional:<\/strong><br data-start=\"2503\" data-end=\"2506\" \/>Robot cortac\u00e9sped eficaz para jardines de hasta <strong data-start=\"2554\" data-end=\"2565\">1000 m\u00b2<\/strong>, adecuado para todo tipo de terrenos y pendientes de hasta un <strong data-start=\"2628\" data-end=\"2635\">40%<\/strong> de inclinaci\u00f3n.<\/p>\n<p data-start=\"2653\" data-end=\"2671\"><strong data-start=\"2653\" data-end=\"2662\">Peso:<\/strong><br data-start=\"2662\" data-end=\"2665\" \/>9,4 kg<\/p>\n<p data-start=\"2673\" data-end=\"2835\"><strong data-start=\"2673\" data-end=\"2698\">Accesorios incluidos:<\/strong><br data-start=\"2698\" data-end=\"2701\" \/>1 estaci\u00f3n de carga; 1 regla de instalaci\u00f3n; 3 tornillos de anclaje; 1 transformador; 1 cable de baja tensi\u00f3n; 6 cuchillas de repuesto<\/p>\n<p data-start=\"2837\" data-end=\"2879\"><strong data-start=\"2837\" data-end=\"2869\">Superficie recomendada m\u00e1x.:<\/strong><br data-start=\"2869\" data-end=\"2872\" \/>1000 m\u00b2<\/p>\n<p data-start=\"2881\" data-end=\"2903\"><strong data-start=\"2881\" data-end=\"2894\">Garant\u00eda:<\/strong><br data-start=\"2894\" data-end=\"2897\" \/>2 a\u00f1os<\/p>\n<p data-start=\"2905\" data-end=\"2939\"><strong data-start=\"2905\" data-end=\"2933\">\u00cdndice de reparabilidad:<\/strong><br data-start=\"2933\" data-end=\"2936\" \/>8,5<\/p>\n<p data-start=\"2941\" data-end=\"2972\"><strong data-start=\"2941\" data-end=\"2959\">Modo de carga:<\/strong><br data-start=\"2959\" data-end=\"2962\" \/>Autom\u00e1tico<\/p>\n<p data-start=\"2974\" data-end=\"3001\"><strong data-start=\"2974\" data-end=\"2995\">Pendiente m\u00e1xima:<\/strong><br data-start=\"2995\" data-end=\"2998\" \/>40%<\/p>\n<p data-start=\"3003\" data-end=\"3067\"><strong data-start=\"3003\" data-end=\"3056\">Tiempo m\u00e1ximo de trabajo por d\u00eda (corte + carga):<\/strong><br data-start=\"3056\" data-end=\"3059\" \/>18 horas<\/p>\n<p data-start=\"3069\" data-end=\"3088\"><strong data-start=\"3069\" data-end=\"3084\">Cable gu\u00eda:<\/strong><br data-start=\"3084\" data-end=\"3087\" \/>1<\/p>\n<p data-start=\"3090\" data-end=\"3186\"><strong data-start=\"3090\" data-end=\"3136\">M\u00e9todos de regreso a la estaci\u00f3n de carga:<\/strong><br data-start=\"3136\" data-end=\"3139\" \/>Cable perimetral, cable gu\u00eda, se\u00f1al de estaci\u00f3n<\/p>\n<p data-start=\"3188\" data-end=\"3222\"><strong data-start=\"3188\" data-end=\"3208\">Altura de corte:<\/strong><br data-start=\"3208\" data-end=\"3211\" \/>De 2 a 5 cm<\/p>\n<p data-start=\"3224\" data-end=\"3251\"><strong data-start=\"3224\" data-end=\"3243\">Ancho de corte:<\/strong><br data-start=\"3243\" data-end=\"3246\" \/>22 cm<\/p>\n<p data-start=\"3253\" data-end=\"3282\"><strong data-start=\"3253\" data-end=\"3270\">Conectividad:<\/strong><br data-start=\"3270\" data-end=\"3273\" \/>Bluetooth<\/p>\n<p data-start=\"3284\" data-end=\"3346\"><strong data-start=\"3284\" data-end=\"3319\">Geolocalizaci\u00f3n remota por GPS:<\/strong><br data-start=\"3319\" data-end=\"3322\" \/>Opcional con kit Connect<\/p>\n<p data-start=\"3348\" data-end=\"3406\"><strong data-start=\"3348\" data-end=\"3396\">Capacidad de corte por hora (corte + carga):<\/strong><br data-start=\"3396\" data-end=\"3399\" \/>56 m\u00b2\/h<\/p>\n","protected":false},"excerpt":{"rendered":"<p>\u2705 Env\u00edo gratuito: de 5 a 7 d\u00edas<br \/>\n\u2705 Env\u00edo expr\u00e9s (9\u202f\u20ac): de 2 a 3 d\u00edas<br \/>\n\u2705 Pago seguro<br \/>\n\u2705 Devoluci\u00f3n en 30 d\u00edas<\/p>\n","protected":false},"featured_media":11432,"comment_status":"closed","ping_status":"closed","template":"","meta":[],"product_cat":[75,81],"product_tag":[],"class_list":["post-11261","product","type-product","status-publish","has-post-thumbnail","hentry","product_cat-casa-jardin","product_cat-cortadora-de-cesped-robotica"],"_links":{"self":[{"href":"https:\/\/electro-tot-menage.es\/index.php\/wp-json\/wp\/v2\/product\/11261"}],"collection":[{"href":"https:\/\/electro-tot-menage.es\/index.php\/wp-json\/wp\/v2\/product"}],"about":[{"href":"https:\/\/electro-tot-menage.es\/index.php\/wp-json\/wp\/v2\/types\/product"}],"replies":[{"embeddable":true,"href":"https:\/\/electro-tot-menage.es\/index.php\/wp-json\/wp\/v2\/comments?post=11261"}],"version-history":[{"count":3,"href":"https:\/\/electro-tot-menage.es\/index.php\/wp-json\/wp\/v2\/product\/11261\/revisions"}],"predecessor-version":[{"id":14526,"href":"https:\/\/electro-tot-menage.es\/index.php\/wp-json\/wp\/v2\/product\/11261\/revisions\/14526"}],"wp:featuredmedia":[{"embeddable":true,"href":"https:\/\/electro-tot-menage.es\/index.php\/wp-json\/wp\/v2\/media\/11432"}],"wp:attachment":[{"href":"https:\/\/electro-tot-menage.es\/index.php\/wp-json\/wp\/v2\/media?parent=11261"}],"wp:term":[{"taxonomy":"product_cat","embeddable":true,"href":"https:\/\/electro-tot-menage.es\/index.php\/wp-json\/wp\/v2\/product_cat?post=11261"},{"taxonomy":"product_tag","embeddable":true,"href":"https:\/\/electro-tot-menage.es\/index.php\/wp-json\/wp\/v2\/product_tag?post=11261"}],"curies":[{"name":"wp","href":"https:\/\/api.w.org\/{rel}","templated":true}]}}