{"id":11229,"date":"2023-12-02T11:02:24","date_gmt":"2023-12-02T10:02:24","guid":{"rendered":"https:\/\/electro-tot-menage.es\/?post_type=product&#038;p=11229"},"modified":"2025-05-28T01:47:16","modified_gmt":"2025-05-27T23:47:16","slug":"bicicleta-electrica-hitway-para-adultos-20-x-4-0-neumaticos-anchos-motor-de-250-w-plegable-bateria-extraible-de-36-v-y-12-ah-de-larga-autonomia-para-montana-playa-y-nieve","status":"publish","type":"product","link":"https:\/\/electro-tot-menage.es\/index.php\/produit\/bicicleta-electrica-hitway-para-adultos-20-x-4-0-neumaticos-anchos-motor-de-250-w-plegable-bateria-extraible-de-36-v-y-12-ah-de-larga-autonomia-para-montana-playa-y-nieve\/","title":{"rendered":"Bicicleta el\u00e9ctrica HITWAY para adultos, 20&#8243; x 4.0, neum\u00e1ticos anchos, motor de 250 W, plegable, bater\u00eda extra\u00edble de 36 V y 12 Ah, de larga autonom\u00eda para monta\u00f1a, playa y nieve."},"content":{"rendered":"<p>Color: NEGRO-NARANJA<br \/>\nTipo de bicicleta: bicicleta el\u00e9ctrica<br \/>\nGrupo de edad (descripci\u00f3n) Adulto<br \/>\nMarca HITWAY<br \/>\nN\u00famero de velocidades 7<br \/>\nColor NEGRO-NARANJA<br \/>\nMaterial del marco: aluminio<br \/>\nSuspensi\u00f3n tipo horquilla<br \/>\nCaracter\u00edstica especial: recargable<br \/>\nLos componentes incluyen 1 candado para bicicleta HITWAY, cargadores y otras piezas, 1 bomba para bicicleta HITWAY, 1 bicicleta el\u00e9ctrica HITWAY<br \/>\ndisco de freno<\/p>\n<p>Acerca de este art\u00edculo<\/p>\n<p>\u3010Nuevo producto\u3011En los \u00faltimos a\u00f1os, con mucha acumulaci\u00f3n e investigaci\u00f3n seria, HITWAY comenz\u00f3 a lanzar m\u00e1s tipos de bicicletas el\u00e9ctricas en 2023. Lo que est\u00e1s a punto de experimentar es una bicicleta s\u00faper gorda y moderna de 20 x 4.0 pulgadas. Bicicleta el\u00e9ctrica con ruedas plegables. Estamos seguros de que esta bicicleta estar\u00e1 a la altura de las expectativas y te brindar\u00e1 una experiencia de conducci\u00f3n impactante.<br \/>\n\u3010Motor potente y estable\u3011La bicicleta el\u00e9ctrica HITWAY est\u00e1 equipada con un motor de 250 W, que proporciona una potencia fuerte y estable para su viaje diario. 2 modos de conducci\u00f3n (pedaleo asistido y pedaleo cl\u00e1sico) y una transmisi\u00f3n Shimano de 7 velocidades para obtener suficiente potencia para subir colinas o alcanzar la velocidad m\u00e1xima. La velocidad m\u00e1xima de la bicicleta es de aproximadamente 25 km\/h, lo que satisface sus necesidades de viaje y campamento.<br \/>\n\u3010Neum\u00e1ticos de 4.0 pulgadas para conquistar cualquier terreno\u3011La caracter\u00edstica m\u00e1s impresionante de la bicicleta el\u00e9ctrica HITWAY BK10 es su neum\u00e1tico de 20&#8221; X 4. Combinado con el excelente rendimiento de absorci\u00f3n de impactos de la horquilla delantera, las vibraciones causadas por caminos irregulares se pueden suprimir de manera efectiva y la comodidad de conducci\u00f3n se puede mejorar enormemente.<br \/>\n\u3010Bater\u00eda de 36 V 12 Ah para viajar sin preocupaciones\u3011La bater\u00eda extra\u00edble de 36 V\/12 Ah es segura y confiable. La autonom\u00eda m\u00e1xima con asistencia de pedaleo continua es de 35 a 90 km y var\u00eda seg\u00fan el peso individual y las condiciones de la carretera. BK10 tiene dos m\u00e9todos de carga: puedes cargar esta bicicleta el\u00e9ctrica plegable directamente o quitar la bater\u00eda para cargarla.<br \/>\n\u3010DETALLES ADICIONALES\u3011La bicicleta el\u00e9ctrica urbana HITWAY se pliega f\u00e1cilmente y es perfecta para guardarla en su RV, SUV, bote o espacio habitable. La pantalla Smart Gauge, intuitiva y f\u00e1cil de leer, muestra la velocidad, la bater\u00eda, la distancia recorrida y m\u00e1s, con luces delanteras y traseras Stvzo que iluminan la carretera por la noche. Los frenos de disco dobles de alta calidad hacen que su conducci\u00f3n sea m\u00e1s segura.<\/p>\n","protected":false},"excerpt":{"rendered":"<p>\u2705 Env\u00edo gratuito: de 5 a 7 d\u00edas<br \/>\n\u2705 Env\u00edo expr\u00e9s (9\u202f\u20ac): de 2 a 3 d\u00edas<br \/>\n\u2705 Pago seguro<br \/>\n\u2705 Devoluci\u00f3n en 30 d\u00edas<\/p>\n","protected":false},"featured_media":11380,"comment_status":"closed","ping_status":"closed","template":"","meta":[],"product_cat":[93,92],"product_tag":[],"class_list":["post-11229","product","type-product","status-publish","has-post-thumbnail","hentry","product_cat-bicicleta-electrica","product_cat-deportes-y-ocio"],"_links":{"self":[{"href":"https:\/\/electro-tot-menage.es\/index.php\/wp-json\/wp\/v2\/product\/11229"}],"collection":[{"href":"https:\/\/electro-tot-menage.es\/index.php\/wp-json\/wp\/v2\/product"}],"about":[{"href":"https:\/\/electro-tot-menage.es\/index.php\/wp-json\/wp\/v2\/types\/product"}],"replies":[{"embeddable":true,"href":"https:\/\/electro-tot-menage.es\/index.php\/wp-json\/wp\/v2\/comments?post=11229"}],"version-history":[{"count":5,"href":"https:\/\/electro-tot-menage.es\/index.php\/wp-json\/wp\/v2\/product\/11229\/revisions"}],"predecessor-version":[{"id":14507,"href":"https:\/\/electro-tot-menage.es\/index.php\/wp-json\/wp\/v2\/product\/11229\/revisions\/14507"}],"wp:featuredmedia":[{"embeddable":true,"href":"https:\/\/electro-tot-menage.es\/index.php\/wp-json\/wp\/v2\/media\/11380"}],"wp:attachment":[{"href":"https:\/\/electro-tot-menage.es\/index.php\/wp-json\/wp\/v2\/media?parent=11229"}],"wp:term":[{"taxonomy":"product_cat","embeddable":true,"href":"https:\/\/electro-tot-menage.es\/index.php\/wp-json\/wp\/v2\/product_cat?post=11229"},{"taxonomy":"product_tag","embeddable":true,"href":"https:\/\/electro-tot-menage.es\/index.php\/wp-json\/wp\/v2\/product_tag?post=11229"}],"curies":[{"name":"wp","href":"https:\/\/api.w.org\/{rel}","templated":true}]}}