{"id":11192,"date":"2023-12-02T11:01:57","date_gmt":"2023-12-02T10:01:57","guid":{"rendered":"https:\/\/electro-tot-menage.es\/?post_type=product&#038;p=11192"},"modified":"2025-05-28T01:49:11","modified_gmt":"2025-05-27T23:49:11","slug":"bicicleta-electrica-de-montana-hitway-de-26-pulgadas-potente-bicicleta-electrica-de-36-v-12-ah-250-w-shimano-de-7-velocidades-asistida-para-adultos","status":"publish","type":"product","link":"https:\/\/electro-tot-menage.es\/index.php\/produit\/bicicleta-electrica-de-montana-hitway-de-26-pulgadas-potente-bicicleta-electrica-de-36-v-12-ah-250-w-shimano-de-7-velocidades-asistida-para-adultos\/","title":{"rendered":"Bicicleta el\u00e9ctrica de monta\u00f1a HITWAY de 26 pulgadas, potente bicicleta el\u00e9ctrica de 36 V, 12 Ah, 250 W, Shimano de 7 velocidades, asistida para adultos."},"content":{"rendered":"<p>Tipo de bicicleta: bicicleta el\u00e9ctrica, bicicleta de monta\u00f1a<br \/>\nGrupo de edad (descripci\u00f3n) Adulto<br \/>\nMarca HITWAY<br \/>\nN\u00famero de velocidades 7<br \/>\nColor BK7S-NK-EU<br \/>\nMaterial del marco: aluminio<br \/>\nSuspensi\u00f3n tipo horquilla<br \/>\nCaracter\u00edstica especial: recargable<br \/>\nManual de los componentes suministrados<br \/>\nNombre del modelo Bk7s<\/p>\n<p>*Acerca de este art\u00edculo<\/p>\n<p>S\u00faper motor y autonom\u00eda: equipada con un motor sin escobillas de 250 W y una bater\u00eda de gran capacidad de 12 Ah, esta bicicleta el\u00e9ctrica Hitway puede proporcionar suficiente potencia para manejar f\u00e1cilmente diversas condiciones de la carretera. El rendimiento de conducci\u00f3n en modo de asistencia puede ser de 35 a 90 km (probador de 75 kg, 25 grados, la autonom\u00eda depende de factores como la carga y el estilo de conducci\u00f3n). Es la elecci\u00f3n perfecta para el uso diario y el trabajo.<br \/>\nMateriales de alta calidad y conducci\u00f3n c\u00f3moda: todo el veh\u00edculo cuenta con una carrocer\u00eda de aleaci\u00f3n de aluminio, baja densidad y alta resistencia. El veh\u00edculo completo pesa s\u00f3lo 24,3 kg y es f\u00e1cil de transportar. Equipado con amortiguador de horquilla delantera. Los neum\u00e1ticos gruesos y anchos de 26 pulgadas proporcionan una absorci\u00f3n de impactos adicional. \u00a1No m\u00e1s miedo a los baches en todo tipo de carreteras!<br \/>\nModo de conducci\u00f3n avanzado: esta bicicleta el\u00e9ctrica est\u00e1 equipada con 2 modos de aceleraci\u00f3n (modo de asistencia, modo de conducci\u00f3n normal). Adem\u00e1s est\u00e1 equipada con un sistema Shimano de 7 velocidades que mejora su capacidad de subida y adaptabilidad a diferentes terrenos. Adem\u00e1s, est\u00e1 equipado con un modo de caminata de 6 km\/h, que permite empujar la bicicleta de manera f\u00e1cil y sin estr\u00e9s.<br \/>\nPantalla inteligente de alta resoluci\u00f3n: la pantalla inteligente de alto brillo se puede mostrar completamente en un segundo cuando se enciende. Podr\u00e1s ver datos de conducci\u00f3n, cambiar de marcha, controlar los faros y mucho m\u00e1s en cualquier momento y en cualquier lugar. El medidor muestra el c\u00f3digo de error. Utilizando el c\u00f3digo de error, puede resolver el problema r\u00e1pidamente.<br \/>\nGarant\u00eda de seguridad confiable: la bicicleta el\u00e9ctrica est\u00e1 equipada con un sistema de freno de disco doble que puede acortar eficazmente la distancia de frenado. Los faros de alto brillo y los reflectores traseros proporcionan una excelente visibilidad y garantizan eficazmente su seguridad al conducir de noche.<\/p>\n","protected":false},"excerpt":{"rendered":"<p>\u2705 Env\u00edo gratuito: de 5 a 7 d\u00edas<br \/>\n\u2705 Env\u00edo expr\u00e9s (9\u202f\u20ac): de 2 a 3 d\u00edas<br \/>\n\u2705 Pago seguro<br \/>\n\u2705 Devoluci\u00f3n en 30 d\u00edas<\/p>\n","protected":false},"featured_media":11361,"comment_status":"closed","ping_status":"closed","template":"","meta":[],"product_cat":[93,92],"product_tag":[],"class_list":["post-11192","product","type-product","status-publish","has-post-thumbnail","hentry","product_cat-bicicleta-electrica","product_cat-deportes-y-ocio"],"_links":{"self":[{"href":"https:\/\/electro-tot-menage.es\/index.php\/wp-json\/wp\/v2\/product\/11192"}],"collection":[{"href":"https:\/\/electro-tot-menage.es\/index.php\/wp-json\/wp\/v2\/product"}],"about":[{"href":"https:\/\/electro-tot-menage.es\/index.php\/wp-json\/wp\/v2\/types\/product"}],"replies":[{"embeddable":true,"href":"https:\/\/electro-tot-menage.es\/index.php\/wp-json\/wp\/v2\/comments?post=11192"}],"version-history":[{"count":5,"href":"https:\/\/electro-tot-menage.es\/index.php\/wp-json\/wp\/v2\/product\/11192\/revisions"}],"predecessor-version":[{"id":14510,"href":"https:\/\/electro-tot-menage.es\/index.php\/wp-json\/wp\/v2\/product\/11192\/revisions\/14510"}],"wp:featuredmedia":[{"embeddable":true,"href":"https:\/\/electro-tot-menage.es\/index.php\/wp-json\/wp\/v2\/media\/11361"}],"wp:attachment":[{"href":"https:\/\/electro-tot-menage.es\/index.php\/wp-json\/wp\/v2\/media?parent=11192"}],"wp:term":[{"taxonomy":"product_cat","embeddable":true,"href":"https:\/\/electro-tot-menage.es\/index.php\/wp-json\/wp\/v2\/product_cat?post=11192"},{"taxonomy":"product_tag","embeddable":true,"href":"https:\/\/electro-tot-menage.es\/index.php\/wp-json\/wp\/v2\/product_tag?post=11192"}],"curies":[{"name":"wp","href":"https:\/\/api.w.org\/{rel}","templated":true}]}}