{"id":11184,"date":"2023-12-02T11:01:57","date_gmt":"2023-12-02T10:01:57","guid":{"rendered":"https:\/\/electro-tot-menage.es\/?post_type=product&#038;p=11184"},"modified":"2025-05-28T01:50:08","modified_gmt":"2025-05-27T23:50:08","slug":"vtt-electrique-overvolt-tr-500i-bosch-500wh-2019-lapierre","status":"publish","type":"product","link":"https:\/\/electro-tot-menage.es\/index.php\/produit\/vtt-electrique-overvolt-tr-500i-bosch-500wh-2019-lapierre\/","title":{"rendered":"Bicicleta de monta\u00f1a el\u00e9ctrica Overvolt TR 500i Bosch 500Wh 2019 LAPIERRE"},"content":{"rendered":"<p class=\"\" data-start=\"61\" data-end=\"586\"><strong data-start=\"61\" data-end=\"113\">La bicicleta el\u00e9ctrica Overvolt TR 500i LAPIERRE<\/strong> es una bicicleta de monta\u00f1a el\u00e9ctrica (VTT) de doble suspensi\u00f3n de nivel de entrada. Con su aspecto deportivo y agresivo, sabr\u00e1 conquistar a todos los aficionados al ciclismo de monta\u00f1a el\u00e9ctrico. Su cuadro de aluminio Supreme 5 proporciona una fiabilidad y resistencia a toda prueba. Equipada con un motor <strong data-start=\"421\" data-end=\"445\">Bosch Performance CX<\/strong>, el mejor del mercado, y una bater\u00eda integrada de <strong data-start=\"496\" data-end=\"505\">500Wh<\/strong>, te permitir\u00e1 recorrer los senderos m\u00e1s exigentes con una comodidad excepcional.<\/p>\n<p class=\"\" data-start=\"588\" data-end=\"779\"><strong data-start=\"588\" data-end=\"597\">Color<\/strong>: Gris, Negro, Naranja<br data-start=\"619\" data-end=\"622\" \/><strong data-start=\"622\" data-end=\"632\">Estado<\/strong>: Nuevo<br data-start=\"639\" data-end=\"642\" \/><strong data-start=\"642\" data-end=\"650\">Peso<\/strong>: 24,2 kg<br data-start=\"659\" data-end=\"662\" \/><strong data-start=\"662\" data-end=\"684\">Tallas disponibles<\/strong>: S, M, L, XL<br data-start=\"697\" data-end=\"700\" \/><strong data-start=\"700\" data-end=\"733\" data-is-only-node=\"\">Informaci\u00f3n sobre la garant\u00eda<\/strong>: 2 a\u00f1os de garant\u00eda \u2013 Cuadro, Motor y Bater\u00eda<\/p>\n<hr class=\"\" data-start=\"781\" data-end=\"784\" \/>\n<h3 class=\"\" data-start=\"786\" data-end=\"819\"><strong data-start=\"790\" data-end=\"819\">ESPECIFICACIONES T\u00c9CNICAS<\/strong><\/h3>\n<ul data-start=\"821\" data-end=\"1785\">\n<li class=\"\" data-start=\"821\" data-end=\"898\">\n<p class=\"\" data-start=\"823\" data-end=\"898\"><strong data-start=\"823\" data-end=\"833\">Cuadro<\/strong>: OVERVOLT OST+ 120MM INTEGRATED BOSCH SUPREME 5 ALUMINIO BOOST<\/p>\n<\/li>\n<li class=\"\" data-start=\"899\" data-end=\"974\">\n<p class=\"\" data-start=\"901\" data-end=\"974\"><strong data-start=\"901\" data-end=\"914\">Horquilla<\/strong>: ROCKSHOX RECON RL 29\u201d 15\u00d7110 SOLO AIR 130MM DE RECORRIDO<\/p>\n<\/li>\n<li class=\"\" data-start=\"975\" data-end=\"1024\">\n<p class=\"\" data-start=\"977\" data-end=\"1024\"><strong data-start=\"977\" data-end=\"993\">Amortiguador<\/strong>: ROCKSHOX DELUXE R 190\u00d745 MM<\/p>\n<\/li>\n<li class=\"\" data-start=\"1025\" data-end=\"1077\">\n<p class=\"\" data-start=\"1027\" data-end=\"1077\"><strong data-start=\"1027\" data-end=\"1049\">Juego de direcci\u00f3n<\/strong>: FSA ORBIT 1.5 ZS NO.57SC<\/p>\n<\/li>\n<li class=\"\" data-start=\"1078\" data-end=\"1126\">\n<p class=\"\" data-start=\"1080\" data-end=\"1126\"><strong data-start=\"1080\" data-end=\"1090\">Bielas<\/strong>: LAPIERRE OVERVOLT ISIS 14T 165MM<\/p>\n<\/li>\n<li class=\"\" data-start=\"1127\" data-end=\"1183\">\n<p class=\"\" data-start=\"1129\" data-end=\"1183\"><strong data-start=\"1129\" data-end=\"1141\">Potencia<\/strong>: LAPIERRE ALUMINIO 0\u00b0 \u00d8: 31.8MM L: 45MM<\/p>\n<\/li>\n<li class=\"\" data-start=\"1184\" data-end=\"1278\">\n<p class=\"\" data-start=\"1186\" data-end=\"1278\"><strong data-start=\"1186\" data-end=\"1204\">Tija de sill\u00edn<\/strong>: LAPIERRE DROPPER BY JD \u00d8: 31.6MM RECORRIDO 100MM (S), 125MM (M, L, XL)<\/p>\n<\/li>\n<li class=\"\" data-start=\"1279\" data-end=\"1348\">\n<p class=\"\" data-start=\"1281\" data-end=\"1348\"><strong data-start=\"1281\" data-end=\"1293\">Manillar<\/strong>: LAPIERRE ALUMINIO 6061DB W: 740MM R: 15MM \u00d8: 31.8MM<\/p>\n<\/li>\n<li class=\"\" data-start=\"1349\" data-end=\"1395\">\n<p class=\"\" data-start=\"1351\" data-end=\"1395\"><strong data-start=\"1351\" data-end=\"1369\">Cambio trasero<\/strong>: SRAM NX 11 velocidades<\/p>\n<\/li>\n<li class=\"\" data-start=\"1396\" data-end=\"1465\">\n<p class=\"\" data-start=\"1398\" data-end=\"1465\"><strong data-start=\"1398\" data-end=\"1408\">Frenos<\/strong>: SHIMANO MT400 \u2013 SHIMANO RT64 203MM \/ 180MM CENTERLOCK<\/p>\n<\/li>\n<li class=\"\" data-start=\"1466\" data-end=\"1504\">\n<p class=\"\" data-start=\"1468\" data-end=\"1504\"><strong data-start=\"1468\" data-end=\"1478\">Mandos<\/strong>: SRAM NX 11 velocidades<\/p>\n<\/li>\n<li class=\"\" data-start=\"1505\" data-end=\"1537\">\n<p class=\"\" data-start=\"1507\" data-end=\"1537\"><strong data-start=\"1507\" data-end=\"1517\">Sill\u00edn<\/strong>: LAPIERRE BY VELO<\/p>\n<\/li>\n<li class=\"\" data-start=\"1538\" data-end=\"1635\">\n<p class=\"\" data-start=\"1540\" data-end=\"1635\"><strong data-start=\"1540\" data-end=\"1550\">Ruedas<\/strong>: SHIMANO MT400 EJE PASANTE \u2013 SHIMANO MT400 EJE PASANTE \u2013 LAPIERRE EAM+ 32H 584-35C<\/p>\n<\/li>\n<li class=\"\" data-start=\"1636\" data-end=\"1672\">\n<p class=\"\" data-start=\"1638\" data-end=\"1672\"><strong data-start=\"1638\" data-end=\"1650\">Cassette<\/strong>: SUNRACE MS8 11-46T<\/p>\n<\/li>\n<li class=\"\" data-start=\"1673\" data-end=\"1728\">\n<p class=\"\" data-start=\"1675\" data-end=\"1728\"><strong data-start=\"1675\" data-end=\"1689\">Neum\u00e1ticos<\/strong>: MAXXIS REKON 60TPI EXO TLR 27.5\u00d72.6<\/p>\n<\/li>\n<li class=\"\" data-start=\"1729\" data-end=\"1785\">\n<p class=\"\" data-start=\"1731\" data-end=\"1785\"><strong data-start=\"1731\" data-end=\"1740\">Motor<\/strong>: BOSCH PERFORMANCE CX 500WH POWERTUBE PURION<\/p>\n<\/li>\n<\/ul>\n","protected":false},"excerpt":{"rendered":"<p>\u2705 Env\u00edo gratuito: de 5 a 7 d\u00edas<br \/>\n\u2705 Env\u00edo expr\u00e9s (9\u202f\u20ac): de 2 a 3 d\u00edas<br \/>\n\u2705 Pago seguro<br \/>\n\u2705 Devoluci\u00f3n en 30 d\u00edas<\/p>\n","protected":false},"featured_media":11298,"comment_status":"closed","ping_status":"closed","template":"","meta":[],"product_cat":[93,92],"product_tag":[],"class_list":["post-11184","product","type-product","status-publish","has-post-thumbnail","hentry","product_cat-bicicleta-electrica","product_cat-deportes-y-ocio"],"_links":{"self":[{"href":"https:\/\/electro-tot-menage.es\/index.php\/wp-json\/wp\/v2\/product\/11184"}],"collection":[{"href":"https:\/\/electro-tot-menage.es\/index.php\/wp-json\/wp\/v2\/product"}],"about":[{"href":"https:\/\/electro-tot-menage.es\/index.php\/wp-json\/wp\/v2\/types\/product"}],"replies":[{"embeddable":true,"href":"https:\/\/electro-tot-menage.es\/index.php\/wp-json\/wp\/v2\/comments?post=11184"}],"version-history":[{"count":4,"href":"https:\/\/electro-tot-menage.es\/index.php\/wp-json\/wp\/v2\/product\/11184\/revisions"}],"predecessor-version":[{"id":14512,"href":"https:\/\/electro-tot-menage.es\/index.php\/wp-json\/wp\/v2\/product\/11184\/revisions\/14512"}],"wp:featuredmedia":[{"embeddable":true,"href":"https:\/\/electro-tot-menage.es\/index.php\/wp-json\/wp\/v2\/media\/11298"}],"wp:attachment":[{"href":"https:\/\/electro-tot-menage.es\/index.php\/wp-json\/wp\/v2\/media?parent=11184"}],"wp:term":[{"taxonomy":"product_cat","embeddable":true,"href":"https:\/\/electro-tot-menage.es\/index.php\/wp-json\/wp\/v2\/product_cat?post=11184"},{"taxonomy":"product_tag","embeddable":true,"href":"https:\/\/electro-tot-menage.es\/index.php\/wp-json\/wp\/v2\/product_tag?post=11184"}],"curies":[{"name":"wp","href":"https:\/\/api.w.org\/{rel}","templated":true}]}}