{"id":11165,"date":"2023-12-02T11:01:56","date_gmt":"2023-12-02T10:01:56","guid":{"rendered":"https:\/\/electro-tot-menage.es\/?post_type=product&#038;p=11165"},"modified":"2025-05-28T01:36:05","modified_gmt":"2025-05-27T23:36:05","slug":"pack","status":"publish","type":"product","link":"https:\/\/electro-tot-menage.es\/index.php\/produit\/pack\/","title":{"rendered":"Pack Nintendo Switch Rot\/Neon Blau 32 GB Pack Mario Kart 8 Deluxe + Zelda: Breath of The Wild"},"content":{"rendered":"<p>Nintendo Switch Rojo\/Azul Ne\u00f3n 32 GB Pack [Nuevo Modelo] Mario Kart 8 Deluxe + Zelda: Breath of The Wild<\/p>\n<p>Consola Nintendo Switch de 32 GB + controles Joy-Con derecho\/izquierdo, soporte para Joy-Con, estaci\u00f3n de acoplamiento para Nintendo Switch, cable HDMI, adaptador de CA para Nintendo Switch y un par de correas para Joy-Con<br \/>\nIncluye: Mario Kart 8 Deluxe + Zelda: Breath of the Wild<br \/>\nIdiomas de voz y texto 100% franc\u00e9s (caja y manual en ingl\u00e9s\/espa\u00f1ol, seg\u00fan disponibilidad)<br \/>\n[Nuevo modelo V2] Duraci\u00f3n de la bater\u00eda mejorada en otras 5 horas, mejor iluminaci\u00f3n de la pantalla, temperatura de calentamiento reducida<\/p>\n","protected":false},"excerpt":{"rendered":"<p>\u2705 Env\u00edo gratuito: de 5 a 7 d\u00edas<br \/>\n\u2705 Env\u00edo expr\u00e9s (9\u202f\u20ac): de 2 a 3 d\u00edas<br \/>\n\u2705 Pago seguro<br \/>\n\u2705 Devoluci\u00f3n en 30 d\u00edas<\/p>\n","protected":false},"featured_media":11201,"comment_status":"closed","ping_status":"closed","template":"","meta":[],"product_cat":[86,87],"product_tag":[],"class_list":["post-11165","product","type-product","status-publish","has-post-thumbnail","hentry","product_cat-consolas-de-videojuegos","product_cat-interruptor-de-nintendo"],"_links":{"self":[{"href":"https:\/\/electro-tot-menage.es\/index.php\/wp-json\/wp\/v2\/product\/11165"}],"collection":[{"href":"https:\/\/electro-tot-menage.es\/index.php\/wp-json\/wp\/v2\/product"}],"about":[{"href":"https:\/\/electro-tot-menage.es\/index.php\/wp-json\/wp\/v2\/types\/product"}],"replies":[{"embeddable":true,"href":"https:\/\/electro-tot-menage.es\/index.php\/wp-json\/wp\/v2\/comments?post=11165"}],"version-history":[{"count":5,"href":"https:\/\/electro-tot-menage.es\/index.php\/wp-json\/wp\/v2\/product\/11165\/revisions"}],"predecessor-version":[{"id":14495,"href":"https:\/\/electro-tot-menage.es\/index.php\/wp-json\/wp\/v2\/product\/11165\/revisions\/14495"}],"wp:featuredmedia":[{"embeddable":true,"href":"https:\/\/electro-tot-menage.es\/index.php\/wp-json\/wp\/v2\/media\/11201"}],"wp:attachment":[{"href":"https:\/\/electro-tot-menage.es\/index.php\/wp-json\/wp\/v2\/media?parent=11165"}],"wp:term":[{"taxonomy":"product_cat","embeddable":true,"href":"https:\/\/electro-tot-menage.es\/index.php\/wp-json\/wp\/v2\/product_cat?post=11165"},{"taxonomy":"product_tag","embeddable":true,"href":"https:\/\/electro-tot-menage.es\/index.php\/wp-json\/wp\/v2\/product_tag?post=11165"}],"curies":[{"name":"wp","href":"https:\/\/api.w.org\/{rel}","templated":true}]}}