{"id":10282,"date":"2023-08-31T17:10:51","date_gmt":"2023-08-31T15:10:51","guid":{"rendered":"https:\/\/electro-tot-menage.es\/?page_id=10282"},"modified":"2025-04-19T13:09:36","modified_gmt":"2025-04-19T11:09:36","slug":"entrega","status":"publish","type":"page","link":"https:\/\/electro-tot-menage.es\/index.php\/entrega\/","title":{"rendered":"Entrega"},"content":{"rendered":"\n<h2 class=\"wp-block-heading\">Entrega<\/h2>\n\n\n\n<p>Los paquetes generalmente se env\u00edan dentro de 2-3 d\u00edas despu\u00e9s de recibir el pago. El env\u00edo se realiza a trav\u00e9s de nuestro servicio de entrega con n\u00famero de seguimiento y sin necesidad de firma.<\/p>\n\n\n\n<p>En caso de retraso previsible, la Empresa informar\u00e1 al Cliente lo antes posible y le proporcionar\u00e1 una estimaci\u00f3n del tiempo de entrega adicional.<\/p>\n\n\n\n<p>Sin embargo, si la ejecuci\u00f3n no se produce en el plazo de 7 d\u00edas desde la celebraci\u00f3n del contrato, el cliente podr\u00e1 realizar la venta simplemente mediante correo certificado con acuse de recibo. En caso contrario, el cliente podr\u00e1 rescindir el contrato mediante carta certificada con acuse de recibo. Al recibirse esta carta, el contrato se considerar\u00e1 concluido a todos los efectos, a menos que se haya ejecutado entretanto; Las cantidades abonadas por el cliente ser\u00e1n reembolsadas sin intereses ni compensaci\u00f3n a m\u00e1s tardar 14 d\u00edas despu\u00e9s de la finalizaci\u00f3n del contrato.<\/p>\n","protected":false},"excerpt":{"rendered":"<p>Entrega Los paquetes generalmente se env\u00edan dentro de 2-3 d\u00edas despu\u00e9s de recibir el pago. El env\u00edo se realiza a<\/p>\n","protected":false},"author":1,"featured_media":0,"parent":0,"menu_order":0,"comment_status":"closed","ping_status":"closed","template":"","meta":{"footnotes":""},"class_list":["post-10282","page","type-page","status-publish","hentry"],"_links":{"self":[{"href":"https:\/\/electro-tot-menage.es\/index.php\/wp-json\/wp\/v2\/pages\/10282"}],"collection":[{"href":"https:\/\/electro-tot-menage.es\/index.php\/wp-json\/wp\/v2\/pages"}],"about":[{"href":"https:\/\/electro-tot-menage.es\/index.php\/wp-json\/wp\/v2\/types\/page"}],"author":[{"embeddable":true,"href":"https:\/\/electro-tot-menage.es\/index.php\/wp-json\/wp\/v2\/users\/1"}],"replies":[{"embeddable":true,"href":"https:\/\/electro-tot-menage.es\/index.php\/wp-json\/wp\/v2\/comments?post=10282"}],"version-history":[{"count":5,"href":"https:\/\/electro-tot-menage.es\/index.php\/wp-json\/wp\/v2\/pages\/10282\/revisions"}],"predecessor-version":[{"id":13587,"href":"https:\/\/electro-tot-menage.es\/index.php\/wp-json\/wp\/v2\/pages\/10282\/revisions\/13587"}],"wp:attachment":[{"href":"https:\/\/electro-tot-menage.es\/index.php\/wp-json\/wp\/v2\/media?parent=10282"}],"curies":[{"name":"wp","href":"https:\/\/api.w.org\/{rel}","templated":true}]}}